52.20.51.46 - - [03/May/2026:16:56:57 +0000] "GET /robots.txt HTTP/1.1" 404 - "-" "Mozilla/5.0 (Macintosh; Intel Mac OS X 10_10_1) AppleWebKit/600.2.5 (KHTML, like Gecko) Version/8.0.2 Safari/600.2.5 (Gort)"
66.249.66.195 - - [03/May/2026:16:57:52 +0000] "GET /category/dance-music/feed/ HTTP/1.1" 404 - "-" "Mozilla/5.0 (compatible; Googlebot/2.1; +http://www.google.com/bot.html)"
156.242.100.192 - - [03/May/2026:16:59:34 +0000] "GET /wp-content/uploads/2020/11/29378-sia-responds-to-criticism-of-her-film-music-300x300.png HTTP/1.1" 404 - "-" "Mozilla/5.0 (compatible; crawler)"
66.249.66.67 - - [03/May/2026:17:03:03 +0000] "GET /category/dance-music/feed/ HTTP/1.1" 404 - "-" "Mozilla/5.0 (compatible; Googlebot/2.1; +http://www.google.com/bot.html)"
66.249.66.197 - - [03/May/2026:17:08:11 +0000] "GET /category/dance-music/feed/ HTTP/1.1" 404 - "-" "Mozilla/5.0 (compatible; Googlebot/2.1; +http://www.google.com/bot.html)"
144.76.32.187 - - [03/May/2026:17:11:40 +0000] "GET /robots.txt HTTP/1.1" 404 - "-" "Mozilla/5.0 (compatible; SERankingBacklinksBot/1.0; +https://seranking.com/backlinks-crawler)"
144.76.32.187 - - [03/May/2026:17:11:40 +0000] "GET /an-overlooked-music-track-creepy-nuts-its-time-to-support-music-3/ HTTP/1.1" 404 - "-" "Mozilla/5.0 (compatible; SERankingBacklinksBot/1.0; +https://seranking.com/backlinks-crawler)"
66.249.66.195 - - [03/May/2026:17:13:37 +0000] "GET /category/dance-music/feed/ HTTP/1.1" 404 - "-" "Mozilla/5.0 (compatible; Googlebot/2.1; +http://www.google.com/bot.html)"
66.249.66.197 - - [03/May/2026:17:18:22 +0000] "GET /category/dance-music/feed/ HTTP/1.1" 404 - "-" "Mozilla/5.0 (compatible; Googlebot/2.1; +http://www.google.com/bot.html)"
66.249.66.168 - - [03/May/2026:17:23:37 +0000] "GET /category/dance-music/feed/ HTTP/1.1" 404 - "-" "Mozilla/5.0 (compatible; Googlebot/2.1; +http://www.google.com/bot.html)"
66.249.66.197 - - [03/May/2026:17:28:18 +0000] "GET /category/dance-music/feed/ HTTP/1.1" 404 - "-" "Mozilla/5.0 (compatible; Googlebot/2.1; +http://www.google.com/bot.html)"
66.249.66.197 - - [03/May/2026:17:34:01 +0000] "GET /category/dance-music/feed/ HTTP/1.1" 404 - "-" "Mozilla/5.0 (compatible; Googlebot/2.1; +http://www.google.com/bot.html)"
178.156.227.240 - - [03/May/2026:17:37:26 +0000] "GET / HTTP/1.1" 200 680 "-" "Mozilla/5.0 (Macintosh; Intel Mac OS X 10_15_7) AppleWebKit/537.36 (KHTML, like Gecko) Chrome/93.0.4577.0 Safari/537.36"
66.249.66.196 - - [03/May/2026:17:39:05 +0000] "GET /category/dance-music/feed/ HTTP/1.1" 404 - "-" "Mozilla/5.0 (compatible; Googlebot/2.1; +http://www.google.com/bot.html)"
20.106.32.192 - - [03/May/2026:17:39:40 +0000] "GET / HTTP/1.1" 200 357 "-" "Mozilla/5.0 zgrab/0.x"
66.249.66.197 - - [03/May/2026:17:43:37 +0000] "GET /category/dance-music/feed/ HTTP/1.1" 404 - "-" "Mozilla/5.0 (compatible; Googlebot/2.1; +http://www.google.com/bot.html)"
66.249.66.197 - - [03/May/2026:17:48:15 +0000] "GET /category/dance-music/feed/ HTTP/1.1" 404 - "-" "Mozilla/5.0 (compatible; Googlebot/2.1; +http://www.google.com/bot.html)"
66.249.66.195 - - [03/May/2026:17:49:31 +0000] "GET /ads.txt HTTP/1.1" 404 - "-" "Mozilla/5.0 (compatible; Googlebot/2.1; +http://www.google.com/bot.html)"
66.249.66.4 - - [03/May/2026:17:49:31 +0000] "GET /robots.txt HTTP/1.1" 404 - "-" "Mozilla/5.0 (compatible; Googlebot/2.1; +http://www.google.com/bot.html)"
66.249.66.196 - - [03/May/2026:17:49:45 +0000] "GET /category/house-music/feed/ HTTP/1.1" 404 - "-" "Mozilla/5.0 (compatible; Googlebot/2.1; +http://www.google.com/bot.html)"
3.130.168.2 - - [03/May/2026:17:50:00 +0000] "GET / HTTP/1.0" 404 - "-" "-"
47.128.111.3 - - [03/May/2026:17:51:03 +0000] "GET /robots.txt HTTP/1.1" 404 - "-" "Mozilla/5.0 (Linux; Android 5.0) AppleWebKit/537.36 (KHTML, like Gecko) Mobile Safari/537.36 (compatible; Bytespider; spider-feedback@bytedance.com)"
151.240.151.99 - - [03/May/2026:17:51:13 +0000] "GET / HTTP/1.1" 200 357 "-" "Go-http-client/1.1"
3.130.168.2 - - [03/May/2026:17:51:14 +0000] "GET / HTTP/1.0" 404 - "-" "-"
66.249.66.45 - - [03/May/2026:17:51:46 +0000] "GET /robots.txt HTTP/1.1" 404 - "-" "Mozilla/5.0 (compatible; Googlebot/2.1; +http://www.google.com/bot.html)"
66.249.66.199 - - [03/May/2026:17:51:46 +0000] "GET / HTTP/1.1" 200 357 "-" "Mozilla/5.0 (Linux; Android 6.0.1; Nexus 5X Build/MMB29P) AppleWebKit/537.36 (KHTML, like Gecko) Chrome/147.0.7727.137 Mobile Safari/537.36 (compatible; Googlebot/2.1; +http://www.google.com/bot.html)"
66.249.66.197 - - [03/May/2026:17:53:52 +0000] "GET /category/dance-music/feed/ HTTP/1.1" 404 - "-" "Mozilla/5.0 (compatible; Googlebot/2.1; +http://www.google.com/bot.html)"
47.128.111.31 - - [03/May/2026:17:55:03 +0000] "GET /robots.txt HTTP/1.1" 404 - "-" "Mozilla/5.0 (Linux; Android 5.0) AppleWebKit/537.36 (KHTML, like Gecko) Mobile Safari/537.36 (compatible; Bytespider; spider-feedback@bytedance.com)"
3.130.168.2 - - [03/May/2026:17:56:00 +0000] "GET / HTTP/1.1" 200 357 "-" "visionheight.com/scan Mozilla/5.0 (Macintosh; Intel Mac OS X 10_15_7) Chrome/126.0.0.0 Safari/537.36"
66.249.66.2 - - [03/May/2026:17:58:20 +0000] "GET /category/dance-music/feed/ HTTP/1.1" 404 - "-" "Mozilla/5.0 (compatible; Googlebot/2.1; +http://www.google.com/bot.html)"
79.124.40.174 - - [03/May/2026:18:00:53 +0000] "GET /actuator/gateway/routes HTTP/1.1" 404 - "-" "Mozilla/5.0 (Windows NT 10.0; Win64; x64) AppleWebKit/537.36 (KHTML, like Gecko) Chrome/78.0.3904.108 Safari/537.36"
77.83.39.94 - - [03/May/2026:18:02:19 +0000] "GET /.git/config HTTP/1.1" 404 - "-" "Mozilla/5.0 (X11; Linux i686) AppleWebKit/537.36 (KHTML, like Gecko) Chrome/53.0.2785.101 Safari/537.36 OPR/40.0.2308.62"
66.249.66.3 - - [03/May/2026:18:02:50 +0000] "GET /category/dance-music/feed/ HTTP/1.1" 404 - "-" "Mozilla/5.0 (compatible; Googlebot/2.1; +http://www.google.com/bot.html)"
45.32.232.215 - - [03/May/2026:18:04:42 +0000] "HEAD / HTTP/1.1" 200 - "https://duckduckgo.com/" "Mozilla/5.0 (Macintosh; Intel Mac OS X 10_15_7) AppleWebKit/537.36 (KHTML, like Gecko) Chrome/124.0.0.0 Safari/537.36"
45.32.232.215 - - [03/May/2026:18:04:42 +0000] "GET /robots.txt HTTP/1.1" 404 - "-" "Mozilla/5.0 (Windows NT 10.0; Win64; x64) AppleWebKit/537.36 (KHTML, like Gecko) Chrome/124.0.0.0 Safari/537.36"
45.32.232.215 - - [03/May/2026:18:04:42 +0000] "HEAD /contact HTTP/1.1" 404 - "https://duckduckgo.com/" "Mozilla/5.0 (X11; Linux x86_64) AppleWebKit/537.36 (KHTML, like Gecko) Chrome/124.0.0.0 Safari/537.36"
45.32.232.215 - - [03/May/2026:18:04:42 +0000] "GET /contact HTTP/1.1" 404 - "https://www.bing.com/" "Mozilla/5.0 (Windows NT 10.0; Win64; x64) AppleWebKit/537.36 (KHTML, like Gecko) Chrome/124.0.0.0 Safari/537.36"
45.32.232.215 - - [03/May/2026:18:04:43 +0000] "HEAD /contact-us HTTP/1.1" 404 - "https://www.bing.com/" "Mozilla/5.0 (X11; Linux x86_64) AppleWebKit/537.36 (KHTML, like Gecko) Chrome/124.0.0.0 Safari/537.36"
45.32.232.215 - - [03/May/2026:18:04:43 +0000] "GET /contact-us HTTP/1.1" 404 - "https://www.bing.com/" "Mozilla/5.0 (Macintosh; Intel Mac OS X 10_15_7) AppleWebKit/537.36 (KHTML, like Gecko) Chrome/124.0.0.0 Safari/537.36"
45.32.232.215 - - [03/May/2026:18:04:43 +0000] "HEAD /about HTTP/1.1" 404 - "https://www.bing.com/" "Mozilla/5.0 (X11; Linux x86_64) AppleWebKit/537.36 (KHTML, like Gecko) Chrome/124.0.0.0 Safari/537.36"
45.32.232.215 - - [03/May/2026:18:04:43 +0000] "GET /about HTTP/1.1" 404 - "https://www.google.com/" "Mozilla/5.0 (Windows NT 10.0; Win64; x64; rv:125.0) Gecko/20100101 Firefox/125.0"
45.32.232.215 - - [03/May/2026:18:04:43 +0000] "HEAD /about-us HTTP/1.1" 404 - "https://www.bing.com/" "Mozilla/5.0 (Windows NT 10.0; Win64; x64) AppleWebKit/537.36 (KHTML, like Gecko) Chrome/124.0.0.0 Safari/537.36"
45.32.232.215 - - [03/May/2026:18:04:43 +0000] "GET /about-us HTTP/1.1" 404 - "https://duckduckgo.com/" "Mozilla/5.0 (X11; Linux x86_64) AppleWebKit/537.36 (KHTML, like Gecko) Chrome/124.0.0.0 Safari/537.36"
45.32.232.215 - - [03/May/2026:18:04:43 +0000] "HEAD /team HTTP/1.1" 404 - "https://www.google.com/" "Mozilla/5.0 (Macintosh; Intel Mac OS X 10_15_7) AppleWebKit/537.36 (KHTML, like Gecko) Chrome/124.0.0.0 Safari/537.36"
45.32.232.215 - - [03/May/2026:18:04:44 +0000] "GET /team HTTP/1.1" 404 - "https://duckduckgo.com/" "Mozilla/5.0 (Windows NT 10.0; Win64; x64) AppleWebKit/537.36 (KHTML, like Gecko) Chrome/124.0.0.0 Safari/537.36"
45.32.232.215 - - [03/May/2026:18:04:44 +0000] "HEAD /staff HTTP/1.1" 404 - "https://duckduckgo.com/" "Mozilla/5.0 (Windows NT 10.0; Win64; x64) AppleWebKit/537.36 (KHTML, like Gecko) Chrome/124.0.0.0 Safari/537.36"
45.32.232.215 - - [03/May/2026:18:04:44 +0000] "GET /staff HTTP/1.1" 404 - "https://duckduckgo.com/" "Mozilla/5.0 (X11; Linux x86_64) AppleWebKit/537.36 (KHTML, like Gecko) Chrome/124.0.0.0 Safari/537.36"
45.32.232.215 - - [03/May/2026:18:04:44 +0000] "HEAD /impressum HTTP/1.1" 404 - "https://www.google.com/" "Mozilla/5.0 (X11; Linux x86_64) AppleWebKit/537.36 (KHTML, like Gecko) Chrome/124.0.0.0 Safari/537.36"
45.32.232.215 - - [03/May/2026:18:04:44 +0000] "GET /impressum HTTP/1.1" 404 - "https://duckduckgo.com/" "Mozilla/5.0 (Windows NT 10.0; Win64; x64; rv:125.0) Gecko/20100101 Firefox/125.0"
45.32.232.215 - - [03/May/2026:18:04:44 +0000] "HEAD /imprint HTTP/1.1" 404 - "https://duckduckgo.com/" "Mozilla/5.0 (X11; Linux x86_64) AppleWebKit/537.36 (KHTML, like Gecko) Chrome/124.0.0.0 Safari/537.36"
45.32.232.215 - - [03/May/2026:18:04:45 +0000] "GET /imprint HTTP/1.1" 404 - "https://www.bing.com/" "Mozilla/5.0 (Macintosh; Intel Mac OS X 10_15_7) AppleWebKit/537.36 (KHTML, like Gecko) Chrome/124.0.0.0 Safari/537.36"
45.32.232.215 - - [03/May/2026:18:04:45 +0000] "HEAD / HTTP/1.1" 200 - "https://www.bing.com/" "Mozilla/5.0 (X11; Linux x86_64) AppleWebKit/537.36 (KHTML, like Gecko) Chrome/124.0.0.0 Safari/537.36"
45.32.232.215 - - [03/May/2026:18:04:45 +0000] "GET / HTTP/1.1" 200 357 "https://duckduckgo.com/" "Mozilla/5.0 (X11; Linux x86_64) AppleWebKit/537.36 (KHTML, like Gecko) Chrome/124.0.0.0 Safari/537.36"
45.32.232.215 - - [03/May/2026:18:04:45 +0000] "HEAD / HTTP/1.1" 200 - "https://www.google.com/" "Mozilla/5.0 (Windows NT 10.0; Win64; x64; rv:125.0) Gecko/20100101 Firefox/125.0"
45.32.232.215 - - [03/May/2026:18:04:45 +0000] "GET / HTTP/1.1" 200 357 "https://www.bing.com/" "Mozilla/5.0 (Windows NT 10.0; Win64; x64) AppleWebKit/537.36 (KHTML, like Gecko) Chrome/124.0.0.0 Safari/537.36"
45.32.232.215 - - [03/May/2026:18:04:45 +0000] "HEAD /google760d5a64631d827e.html HTTP/1.1" 200 - "https://www.bing.com/" "Mozilla/5.0 (Macintosh; Intel Mac OS X 10_15_7) AppleWebKit/537.36 (KHTML, like Gecko) Chrome/124.0.0.0 Safari/537.36"
45.32.232.215 - - [03/May/2026:18:04:45 +0000] "GET /google760d5a64631d827e.html HTTP/1.1" 200 53 "https://www.bing.com/" "Mozilla/5.0 (Windows NT 10.0; Win64; x64; rv:125.0) Gecko/20100101 Firefox/125.0"
95.108.213.157 - - [03/May/2026:18:06:40 +0000] "GET /the-photograph-movie/ HTTP/1.1" 404 - "-" "Mozilla/5.0 (compatible; YandexBot/3.0; +http://yandex.com/bots)"
66.249.66.196 - - [03/May/2026:18:08:11 +0000] "GET /category/dance-music/feed/ HTTP/1.1" 404 - "-" "Mozilla/5.0 (compatible; Googlebot/2.1; +http://www.google.com/bot.html)"
192.253.248.169 - - [03/May/2026:18:08:12 +0000] "HEAD /.env HTTP/1.1" 200 - "-" "Opera/6.04 (Windows 98; U) [en-GB]"
192.253.248.169 - - [03/May/2026:18:08:13 +0000] "GET /.env HTTP/1.1" 200 1495 "-" "Opera/6.04 (Windows 98; U) [en-GB]"
192.253.248.169 - - [03/May/2026:18:08:13 +0000] "HEAD /www/phpinfo.php HTTP/1.1" 404 - "-" "Mozilla/4.0 (compatible; MSIE 7.0; Windows NT 6.1; WOW64; Trident/5.0; SLCC2; .NET CLR 2.0.50727; .NET CLR 3.5.30729; .NET CLR 3.0.30729; Media Center PC 6.0; InfoPath.3; .NET4.0C; .NET4.0E)"
192.253.248.169 - - [03/May/2026:18:08:13 +0000] "HEAD /m/phpinfo.php HTTP/1.1" 404 - "-" "Mozilla/5.0 (Linux; U; Android 2.2; en-us; sdk Build/FRF91) AppleWebKit/533.1 (KHTML, like Gecko) Version/4.0 Mobile Safari/533.1"
192.253.248.169 - - [03/May/2026:18:08:13 +0000] "HEAD /login/phpinfo.php HTTP/1.1" 404 - "-" "Mozilla/5.0 (Linux; U; Android 4.1.2; id-id; GT-S5312 Build/JZO54K) AppleWebKit/534.30 (KHTML, like Gecko) Version/4.0 Mobile Safari/534.30"
192.253.248.169 - - [03/May/2026:18:08:13 +0000] "HEAD /forum/phpinfo.php HTTP/1.1" 404 - "-" "Mozilla/5.0 (Windows NT 6.2; ARM; Trident/7.0; Touch; rv:11.0; WPDesktop; Lumia 925) like Gecko"
192.253.248.169 - - [03/May/2026:18:08:13 +0000] "HEAD /account/phpinfo.php HTTP/1.1" 404 - "-" "Mozilla/4.0 (compatible; MSIE 7.0; Windows NT 6.1; WOW64; Trident/7.0; SLCC2; .NET CLR 2.0.50727; .NET CLR 3.5.30729; .NET CLR 3.0.30729; Media Center PC 6.0; .NET4.0C; .NET4.0E; MS-RTC LM 8)"
192.253.248.169 - - [03/May/2026:18:08:13 +0000] "HEAD /my/phpinfo.php HTTP/1.1" 404 - "-" "Mozilla/5.0 (iPad; CPU OS 5_0_1 like Mac OS X) qjyBrowser/77618.1.15526 AppleWebKit/534.46 (KHTML, like Gecko) Version/5.1 Mobile/9A405 Safari/7534.48.3"
192.253.248.169 - - [03/May/2026:18:08:14 +0000] "HEAD /portal/phpinfo.php HTTP/1.1" 404 - "-" "Opera/9.80 (Windows NT 5.1; U; ru) Presto/2.10.229 Version/11.64"
192.253.248.169 - - [03/May/2026:18:08:14 +0000] "HEAD /api/phpinfo.php HTTP/1.1" 404 - "-" "Mozilla/5.0 (Linux; U; Android 4.0.4; en-gb; GT-P7500 Build/IMM76D) AppleWebKit/534.30 (KHTML, like Gecko) Version/4.0 Safari/534.30"
192.253.248.169 - - [03/May/2026:18:08:14 +0000] "HEAD /app/phpinfo.php HTTP/1.1" 404 - "-" "Mozilla/5.0 (Windows NT 5.1) AppleWebKit/535.11 (KHTML, like Gecko) Chrome/17.0.963.66 Safari/535.11"
192.253.248.169 - - [03/May/2026:18:08:14 +0000] "HEAD /backend/phpinfo.php HTTP/1.1" 404 - "-" "Mozilla/5.0 (Linux; Android 6.0.1; Redmi 3S Build/MMB29M) AppleWebKit/537.36 (KHTML, like Gecko) Chrome/65.0.3325.109 Mobile Safari/537.36"
192.253.248.169 - - [03/May/2026:18:08:14 +0000] "HEAD /demo/phpinfo.php HTTP/1.1" 404 - "-" "Mozilla/5.0 (Linux; Android 6.0.1; SM-G920F Build/MMB29K) AppleWebKit/537.36 (KHTML, like Gecko) Chrome/55.0.2883.91 Mobile Safari/537.36"
192.253.248.169 - - [03/May/2026:18:08:14 +0000] "HEAD /dev/phpinfo.php HTTP/1.1" 404 - "-" "Mozilla/5.0 (compatible; MSIE 6.0; Windows NT 5.1; SV1; .NET CLR 2.0.50727)"
192.253.248.169 - - [03/May/2026:18:08:14 +0000] "HEAD /staging/phpinfo.php HTTP/1.1" 404 - "-" "Mozilla/5.0 (X11; U; Linux i686; en-US; rv:1.9.2.8) Gecko/20100727 Firefox/3.6.8"
192.253.248.169 - - [03/May/2026:18:08:15 +0000] "HEAD /secure/phpinfo.php HTTP/1.1" 404 - "-" "Mozilla/4.0 (compatible; MSIE 8.0; Windows NT 5.1; WOW64; Trident/4.0; SLCC2; .NET CLR 2.0.50727; .NET CLR 3.5.30729; .NET CLR 3.0.30729; .NET4.0C; .NET4.0E; 360SE)"
192.253.248.169 - - [03/May/2026:18:08:15 +0000] "HEAD /id/phpinfo.php HTTP/1.1" 404 - "-" "Mozilla/5.0 (Windows NT 5.1) AppleWebKit/537.36 (KHTML, like Gecko) Chrome/47.0.2526.80 Safari/537.36"
192.253.248.169 - - [03/May/2026:18:08:15 +0000] "HEAD /dashboard/phpinfo.php HTTP/1.1" 404 - "-" "Mozilla/5.0 (Macintosh; Intel Mac OS X 10_10_2) AppleWebKit/537.36 (KHTML, like Gecko) Chrome/43.0.2357.130 Safari/537.36"
192.253.248.169 - - [03/May/2026:18:08:15 +0000] "HEAD /webmail/phpinfo.php HTTP/1.1" 301 - "-" "Mozilla/5.0 (Linux; Android 4.4.4; XT1022 Build/KXC21.5-40) AppleWebKit/537.36 (KHTML, like Gecko) Chrome/34.0.1847.114 Mobile Safari/537.36"
192.253.248.169 - - [03/May/2026:18:08:15 +0000] "HEAD /mail/phpinfo.php HTTP/1.1" 404 - "-" "Opera 9.7 (Windows NT 5.2; U; en)"
192.253.248.169 - - [03/May/2026:18:08:15 +0000] "HEAD /web/phpinfo.php HTTP/1.1" 404 - "-" "Mozilla/5.0 (iPhone; CPU iPhone OS 10_1 like Mac OS X) AppleWebKit/602.2.14 (KHTML, like Gecko) Version/10.0 Mobile/14B72 Safari/602.1"
192.253.248.169 - - [03/May/2026:18:08:15 +0000] "HEAD /member/phpinfo.php HTTP/1.1" 404 - "-" "Microsoft URL Control - 6.00.8862"
192.253.248.169 - - [03/May/2026:18:08:16 +0000] "HEAD /accounts/phpinfo.php HTTP/1.1" 404 - "-" "Mozilla/5.0 (Windows NT 6.3; Win64; x64; Trident/7.0; MATBJS; rv:11.0) like Gecko"
192.253.248.169 - - [03/May/2026:18:08:16 +0000] "HEAD /cpanel/phpinfo.php HTTP/1.1" 404 - "-" "Mozilla/5.0 (X11; U; SunOS i86pc; fr; rv:1.9.0.4) Gecko/2008111710 Firefox/3.0.4"
192.253.248.169 - - [03/May/2026:18:08:16 +0000] "HEAD /auth/phpinfo.php HTTP/1.1" 404 - "-" "Mozilla/5.0 (Windows NT 6.1; WOW64; rv:54.0) Gecko/20100101 Firefox/54.0"
192.253.248.169 - - [03/May/2026:18:08:16 +0000] "HEAD /sso/phpinfo.php HTTP/1.1" 404 - "-" "Mozilla/5.0 (Linux; Android 4.4.2; RCT6773W22 Build/KOT49H) AppleWebKit/537.36 (KHTML, like Gecko) Chrome/45.0.2454.84 Safari/537.36"
192.253.248.169 - - [03/May/2026:18:08:17 +0000] "HEAD /shop/phpinfo.php HTTP/1.1" 404 - "-" "Mozilla/5.0 (X11; U; Linux i686; en-US; rv:1.8.1.15) Gecko/20080702 Ubuntu/8.04 (hardy) Firefox/2.0.0.15"
192.253.248.169 - - [03/May/2026:18:08:17 +0000] "HEAD /online/phpinfo.php HTTP/1.1" 404 - "-" "Mozilla/5.0 (Linux; Android 5.0; SM-G900V Build/LRX21T) AppleWebKit/537.36 (KHTML, like Gecko) Chrome/49.0.2623.105 Mobile Safari/537.36"
192.253.248.169 - - [03/May/2026:18:08:17 +0000] "HEAD /test/phpinfo.php HTTP/1.1" 404 - "-" "Mozilla/5.0 (X11; Linux i686; rv:16.0) Gecko/20100101 Firefox/16.0"
192.253.248.169 - - [03/May/2026:18:08:17 +0000] "HEAD /blog/phpinfo.php HTTP/1.1" 404 - "-" "BlackBerry8300/4.2.2 Profile/MIDP-2.0 Configuration/CLDC-1.1 VendorID/107 UP.Link/6.2.3.15.0"
192.253.248.169 - - [03/May/2026:18:08:17 +0000] "HEAD /server/phpinfo.php HTTP/1.1" 404 - "-" "Mozilla/5.0 (Macintosh; Intel Mac OS X 10_8_5) AppleWebKit/536.30.1 (KHTML, like Gecko) Version/6.0.5 Safari/536.30.1"
192.253.248.169 - - [03/May/2026:18:08:17 +0000] "HEAD /smtp/phpinfo.php HTTP/1.1" 404 - "-" "Mozilla/5.0 (Windows NT 6.1; Win64; x64) AppleWebKit/537.36 (KHTML, like Gecko) Chrome/58.0.3029.110 Safari/537.36 OPR/45.0.2552.881"
47.128.111.255 - - [03/May/2026:18:10:26 +0000] "GET /robots.txt HTTP/1.1" 404 - "-" "Mozilla/5.0 (Linux; Android 5.0) AppleWebKit/537.36 (KHTML, like Gecko) Mobile Safari/537.36 (compatible; Bytespider; spider-feedback@bytedance.com)"
66.249.66.197 - - [03/May/2026:18:12:45 +0000] "GET /category/dance-music/feed/ HTTP/1.1" 404 - "-" "Mozilla/5.0 (compatible; Googlebot/2.1; +http://www.google.com/bot.html)"
66.249.66.5 - - [03/May/2026:18:13:45 +0000] "GET / HTTP/1.1" 200 357 "-" "Mozilla/5.0 (Linux; Android 6.0.1; Nexus 5X Build/MMB29P) AppleWebKit/537.36 (KHTML, like Gecko) Chrome/147.0.7727.137 Mobile Safari/537.36 (compatible; Googlebot/2.1; +http://www.google.com/bot.html)"
47.128.111.79 - - [03/May/2026:18:14:27 +0000] "GET / HTTP/1.1" 200 357 "-" "Mozilla/5.0 (Linux; Android 5.0) AppleWebKit/537.36 (KHTML, like Gecko) Mobile Safari/537.36 (compatible; Bytespider; spider-feedback@bytedance.com)"
14.187.162.82 - - [03/May/2026:18:16:58 +0000] "GET /contact HTTP/1.1" 404 - "-" "Mozilla/5.0 (Macintosh; Intel Mac OS X 10_15_7) AppleWebKit/537.36 (KHTML, like Gecko) Chrome/133.0.0.0 Safari/537.36"
66.249.66.196 - - [03/May/2026:18:17:02 +0000] "GET /category/dance-music/feed/ HTTP/1.1" 404 - "-" "Mozilla/5.0 (compatible; Googlebot/2.1; +http://www.google.com/bot.html)"
145.239.65.175 - - [03/May/2026:18:17:31 +0000] "GET /robots.txt HTTP/1.1" 404 - "-" "Mozilla/5.0 (compatible; MJ12bot/v1.4.8; http://mj12bot.com/)"
145.239.65.175 - - [03/May/2026:18:17:42 +0000] "GET /an-overlooked-music-track-stutsxsikk-ox%E9%88%B4%E6%9C%A8%E7%9C%9F%E6%B5%B7%E5%AD%90-its-time-to-support-music/ HTTP/1.1" 404 - "-" "Mozilla/5.0 (compatible; MJ12bot/v1.4.8; http://mj12bot.com/)"
145.239.65.175 - - [03/May/2026:18:17:49 +0000] "GET /an-overlooked-music-track-sweet-william-%E3%81%A8-%E9%9D%92%E8%91%89%E5%B8%82%E5%AD%90-its-time-to-support-music/ HTTP/1.1" 404 - "-" "Mozilla/5.0 (compatible; MJ12bot/v1.4.8; http://mj12bot.com/)"
145.239.65.175 - - [03/May/2026:18:17:55 +0000] "GET /an-overlooked-music-track-sweet-william-%E3%81%A8-%E9%9D%92%E8%91%89%E5%B8%82%E5%AD%90-its-time-to-support-music-2/ HTTP/1.1" 404 - "-" "Mozilla/5.0 (compatible; MJ12bot/v1.4.8; http://mj12bot.com/)"
145.239.65.175 - - [03/May/2026:18:18:02 +0000] "GET /an-overlooked-music-track-%E5%B0%8F%E7%80%AC%E6%9D%91%E6%99%B6-haruka-nakamura-its-time-to-support-music/ HTTP/1.1" 404 - "-" "Mozilla/5.0 (compatible; MJ12bot/v1.4.8; http://mj12bot.com/)"
145.239.65.175 - - [03/May/2026:18:18:15 +0000] "GET /an-overlooked-music-track-%E5%B0%8F%E7%80%AC%E6%9D%91%E6%99%B6-haruka-nakamura-its-time-to-support-music-3/ HTTP/1.1" 404 - "-" "Mozilla/5.0 (compatible; MJ12bot/v1.4.8; http://mj12bot.com/)"
145.239.65.175 - - [03/May/2026:18:18:20 +0000] "GET /an-overlooked-music-track-%E5%B0%8F%E7%80%AC%E6%9D%91%E6%99%B6-haruka-nakamura-its-time-to-support-music-4/ HTTP/1.1" 404 - "-" "Mozilla/5.0 (compatible; MJ12bot/v1.4.8; http://mj12bot.com/)"
145.239.65.175 - - [03/May/2026:18:18:27 +0000] "GET /category/%E3%82%AB%E3%83%86%E3%82%B4%E3%83%AA%E3%83%BC%E3%81%AA%E3%81%97/ HTTP/1.1" 404 - "-" "Mozilla/5.0 (compatible; MJ12bot/v1.4.8; http://mj12bot.com/)"
145.239.65.175 - - [03/May/2026:18:18:30 +0000] "GET /category/%E6%B3%95%E5%AE%9A-designated-by-law/ HTTP/1.1" 404 - "-" "Mozilla/5.0 (compatible; MJ12bot/v1.4.8; http://mj12bot.com/)"
145.239.65.175 - - [03/May/2026:18:18:37 +0000] "GET /category/%E6%B3%95%E7%9A%84/ HTTP/1.1" 404 - "-" "Mozilla/5.0 (compatible; MJ12bot/v1.4.8; http://mj12bot.com/)"
145.239.65.175 - - [03/May/2026:18:18:41 +0000] "GET /super%E2%98%85dragon%E3%80%819%E4%BA%BA%E3%81%AE%E7%AC%91%E9%A1%94%E3%81%8C%E3%81%82%E3%81%B5%E3%82%8C%E3%82%8B%E3%80%8Cbrand-new-music%E3%80%8Dmv%E3%82%92%E5%85%AC%E9%96%8B/ HTTP/1.1" 404 - "-" "Mozilla/5.0 (compatible; MJ12bot/v1.4.8; http://mj12bot.com/)"
145.239.65.175 - - [03/May/2026:18:18:47 +0000] "GET /tag/%E3%82%A8%E3%83%AC%E3%82%AF%E3%83%88%E3%83%AD%E3%83%8B%E3%83%83%E3%82%AF/ HTTP/1.1" 404 - "-" "Mozilla/5.0 (compatible; MJ12bot/v1.4.8; http://mj12bot.com/)"
145.239.65.175 - - [03/May/2026:18:18:50 +0000] "GET /tag/%E3%82%B8%E3%83%A3%E3%82%BA/ HTTP/1.1" 404 - "-" "Mozilla/5.0 (compatible; MJ12bot/v1.4.8; http://mj12bot.com/)"
145.239.65.175 - - [03/May/2026:18:18:57 +0000] "GET /tag/%E3%83%92%E3%83%83%E3%83%97%E3%83%9B%E3%83%83%E3%83%97%EF%BC%8F%E3%83%A9%E3%83%83%E3%83%97/ HTTP/1.1" 404 - "-" "Mozilla/5.0 (compatible; MJ12bot/v1.4.8; http://mj12bot.com/)"
145.239.65.175 - - [03/May/2026:18:19:04 +0000] "GET /%E3%80%8C%E7%94%9F%E5%BE%92%E3%81%AF%E4%B8%8D%E7%89%B9%E5%AE%9A%E5%A4%9A%E6%95%B0%E3%81%AE%E3%80%8E%E5%85%AC%E8%A1%86%E3%80%8F%E3%80%8D%E9%9F%B3%E6%A5%BD%E6%95%99%E5%AE%A4%E3%81%AE%E6%9B%B2%E4%BD%BF/ HTTP/1.1" 404 - "-" "Mozilla/5.0 (compatible; MJ12bot/v1.4.8; http://mj12bot.com/)"
145.239.65.175 - - [03/May/2026:18:19:09 +0000] "GET /%E3%81%84%E3%81%84%E6%99%82%E9%96%93/ HTTP/1.1" 404 - "-" "Mozilla/5.0 (compatible; MJ12bot/v1.4.8; http://mj12bot.com/)"
145.239.65.175 - - [03/May/2026:18:19:12 +0000] "GET /%E3%82%86%E3%82%8C%E3%82%8B-feat-%E7%94%B0%E6%88%91%E6%B5%81/ HTTP/1.1" 404 - "-" "Mozilla/5.0 (compatible; MJ12bot/v1.4.8; http://mj12bot.com/)"
145.239.65.175 - - [03/May/2026:18:19:18 +0000] "GET /%E5%A4%9C%E9%A2%A8%E3%81%AB%E5%90%B9%E3%81%8B%E3%82%8C%E3%81%A6/ HTTP/1.1" 404 - "-" "Mozilla/5.0 (compatible; MJ12bot/v1.4.8; http://mj12bot.com/)"
145.239.65.175 - - [03/May/2026:18:19:22 +0000] "GET /%E7%A9%8F%E3%82%84%E3%81%8B%E3%81%AA%E6%9A%AE%E3%82%89%E3%81%97/ HTTP/1.1" 404 - "-" "Mozilla/5.0 (compatible; MJ12bot/v1.4.8; http://mj12bot.com/)"
213.180.203.231 - - [03/May/2026:18:20:47 +0000] "GET /category/television/ HTTP/1.1" 404 - "-" "Mozilla/5.0 (compatible; YandexBot/3.0; +http://yandex.com/bots)"
66.249.66.196 - - [03/May/2026:18:22:15 +0000] "GET /category/dance-music/feed/ HTTP/1.1" 404 - "-" "Mozilla/5.0 (compatible; Googlebot/2.1; +http://www.google.com/bot.html)"
66.249.66.196 - - [03/May/2026:18:27:11 +0000] "GET /category/dance-music/feed/ HTTP/1.1" 404 - "-" "Mozilla/5.0 (compatible; Googlebot/2.1; +http://www.google.com/bot.html)"
66.249.66.197 - - [03/May/2026:18:31:35 +0000] "GET /category/dance-music/feed/ HTTP/1.1" 404 - "-" "Mozilla/5.0 (compatible; Googlebot/2.1; +http://www.google.com/bot.html)"
95.108.213.209 - - [03/May/2026:18:32:21 +0000] "GET /tag/partnership/ HTTP/1.1" 404 - "-" "Mozilla/5.0 (compatible; YandexBot/3.0; +http://yandex.com/bots)"
66.249.66.197 - - [03/May/2026:18:36:15 +0000] "GET /category/dance-music/feed/ HTTP/1.1" 404 - "-" "Mozilla/5.0 (compatible; Googlebot/2.1; +http://www.google.com/bot.html)"
207.97.171.50 - - [03/May/2026:18:36:38 +0000] "GET /wp-content/uploads/2020/03/17600/our-daily-breather-angelica-garcia-finds-sanctuary-in-ranchera-music-1024x576.jpg HTTP/1.1" 404 - "-" "Mozilla/5.0 (compatible; crawler)"
31.220.97.154 - - [03/May/2026:18:39:36 +0000] "GET / HTTP/1.1" 200 680 "-" "Mozilla/5.0 (Macintosh; Intel Mac OS X 10_15_7) AppleWebKit/537.36 (KHTML, like Gecko) Chrome/93.0.4577.0 Safari/537.36"
109.199.118.129 - - [03/May/2026:18:40:42 +0000] "GET / HTTP/1.1" 200 357 "-" "Mozilla/5.0 (Windows NT 10.0; Win64; x64) AppleWebKit/537.36 (KHTML, like Gecko) Chrome/91.0.4472.114 Safari/537.36 Edg/91.0.864.54"
66.249.66.197 - - [03/May/2026:18:41:15 +0000] "GET /category/dance-music/feed/ HTTP/1.1" 404 - "-" "Mozilla/5.0 (compatible; Googlebot/2.1; +http://www.google.com/bot.html)"
66.249.66.196 - - [03/May/2026:18:46:38 +0000] "GET /category/dance-music/feed/ HTTP/1.1" 404 - "-" "Mozilla/5.0 (compatible; Googlebot/2.1; +http://www.google.com/bot.html)"
66.249.66.197 - - [03/May/2026:18:49:45 +0000] "GET /category/house-music/feed/ HTTP/1.1" 404 - "-" "Mozilla/5.0 (compatible; Googlebot/2.1; +http://www.google.com/bot.html)"
66.249.66.197 - - [03/May/2026:18:52:01 +0000] "GET /category/dance-music/feed/ HTTP/1.1" 404 - "-" "Mozilla/5.0 (compatible; Googlebot/2.1; +http://www.google.com/bot.html)"
152.163.101.43 - - [03/May/2026:18:53:07 +0000] "GET /wp-content/uploads/2021/10/37019-icelands-vok-share-coming-of-age-tale-running-wild-500x400.jpg HTTP/1.1" 404 - "-" "Mozilla/5.0 (compatible; crawler)"
87.250.224.132 - - [03/May/2026:18:54:15 +0000] "GET /robots.txt HTTP/1.1" 404 - "-" "Mozilla/5.0 (compatible; YandexBot/3.0; +http://yandex.com/bots)"
66.249.66.195 - - [03/May/2026:18:57:17 +0000] "GET /category/dance-music/feed/ HTTP/1.1" 404 - "-" "Mozilla/5.0 (compatible; Googlebot/2.1; +http://www.google.com/bot.html)"
51.68.107.154 - - [03/May/2026:19:01:41 +0000] "GET /robots.txt HTTP/1.1" 404 - "-" "Mozilla/5.0 (compatible; MJ12bot/v2.0.5; http://mj12bot.com/)"
51.68.107.154 - - [03/May/2026:19:01:41 +0000] "GET / HTTP/1.1" 200 357 "-" "Mozilla/5.0 (compatible; MJ12bot/v2.0.5; http://mj12bot.com/)"
66.249.66.197 - - [03/May/2026:19:02:32 +0000] "GET /category/dance-music/feed/ HTTP/1.1" 404 - "-" "Mozilla/5.0 (compatible; Googlebot/2.1; +http://www.google.com/bot.html)"
66.249.66.195 - - [03/May/2026:19:07:52 +0000] "GET /category/dance-music/feed/ HTTP/1.1" 404 - "-" "Mozilla/5.0 (compatible; Googlebot/2.1; +http://www.google.com/bot.html)"
144.76.32.187 - - [03/May/2026:19:09:32 +0000] "GET /robots.txt HTTP/1.1" 404 - "-" "Mozilla/5.0 (compatible; SERankingBacklinksBot/1.0; +https://seranking.com/backlinks-crawler)"
144.76.32.187 - - [03/May/2026:19:09:33 +0000] "GET /an-overlooked-music-track-creepy-nuts-its-time-to-support-music/ HTTP/1.1" 404 - "-" "Mozilla/5.0 (compatible; SERankingBacklinksBot/1.0; +https://seranking.com/backlinks-crawler)"
43.165.7.132 - - [03/May/2026:19:10:20 +0000] "GET / HTTP/1.1" 200 357 "http://www.overlookedtracks.com" "Mozilla/5.0 (iPhone; CPU iPhone OS 13_2_3 like Mac OS X) AppleWebKit/605.1.15 (KHTML, like Gecko) Version/13.0.3 Mobile/15E148 Safari/604.1"
66.249.66.197 - - [03/May/2026:19:12:50 +0000] "GET /category/dance-music/feed/ HTTP/1.1" 404 - "-" "Mozilla/5.0 (compatible; Googlebot/2.1; +http://www.google.com/bot.html)"
5.252.224.198 - - [03/May/2026:19:13:23 +0000] "GET /robots.txt HTTP/1.1" 404 - "-" "Mozilla/5.0 (compatible; Website-info.net-Robot; https://website-info.net/robot)"
207.97.154.195 - - [03/May/2026:19:16:46 +0000] "GET /wp-content/uploads/2019/12/7462/linda-ronstadt-says-mike-pompeo-is-enabling-donald-trump-at-kennedy-center-honors-dinner-1024x683.jpg HTTP/1.1" 404 - "-" "Mozilla/5.0 (compatible; crawler)"
66.249.66.3 - - [03/May/2026:19:18:19 +0000] "GET /category/dance-music/feed/ HTTP/1.1" 404 - "-" "Mozilla/5.0 (compatible; Googlebot/2.1; +http://www.google.com/bot.html)"
66.249.66.196 - - [03/May/2026:19:22:55 +0000] "GET /category/dance-music/feed/ HTTP/1.1" 404 - "-" "Mozilla/5.0 (compatible; Googlebot/2.1; +http://www.google.com/bot.html)"
54.39.188.170 - - [03/May/2026:19:24:29 +0000] "GET /feed/ HTTP/1.1" 404 - "-" "Mozilla/5.0 (compatible; YaK/1.0; http://linkfluence.com/; bot@linkfluence.com)"
66.249.66.195 - - [03/May/2026:19:28:14 +0000] "GET /category/dance-music/feed/ HTTP/1.1" 404 - "-" "Mozilla/5.0 (compatible; Googlebot/2.1; +http://www.google.com/bot.html)"
45.148.10.67 - - [03/May/2026:19:28:42 +0000] "GET / HTTP/1.1" 200 357 "-" "Mozilla/5.0 (Windows NT 10.0; Win64; x64) AppleWebKit/537.36 (KHTML, like Gecko) Chrome/131.0.0.0 Safari/537.36"
66.249.66.197 - - [03/May/2026:19:32:36 +0000] "GET /category/dance-music/feed/ HTTP/1.1" 404 - "-" "Mozilla/5.0 (compatible; Googlebot/2.1; +http://www.google.com/bot.html)"
87.250.224.39 - - [03/May/2026:19:32:39 +0000] "GET /snoop-dogg-and-banda-ms-unite-for-groundbreaking-single-on-lizos-music-and-sony-music-latin/ HTTP/1.1" 404 - "-" "Mozilla/5.0 (compatible; YandexBot/3.0; +http://yandex.com/bots)"
95.214.53.42 - - [03/May/2026:19:32:54 +0000] "GET /currentsetting.htm HTTP/1.1" 404 - "-" "-"
66.249.66.196 - - [03/May/2026:19:37:50 +0000] "GET /category/dance-music/feed/ HTTP/1.1" 404 - "-" "Mozilla/5.0 (compatible; Googlebot/2.1; +http://www.google.com/bot.html)"
62.146.226.40 - - [03/May/2026:19:39:32 +0000] "GET / HTTP/1.1" 200 680 "-" "Mozilla/5.0 (Macintosh; Intel Mac OS X 10_15_7) AppleWebKit/537.36 (KHTML, like Gecko) Chrome/93.0.4577.0 Safari/537.36"
66.249.66.195 - - [03/May/2026:19:43:34 +0000] "GET /category/dance-music/feed/ HTTP/1.1" 404 - "-" "Mozilla/5.0 (compatible; Googlebot/2.1; +http://www.google.com/bot.html)"
47.128.111.53 - - [03/May/2026:19:47:47 +0000] "GET /google760d5a64631d827e.html HTTP/1.1" 200 53 "-" "Mozilla/5.0 (Linux; Android 5.0) AppleWebKit/537.36 (KHTML, like Gecko) Mobile Safari/537.36 (compatible; Bytespider; spider-feedback@bytedance.com)"
66.249.66.196 - - [03/May/2026:19:49:08 +0000] "GET /category/dance-music/feed/ HTTP/1.1" 404 - "-" "Mozilla/5.0 (compatible; Googlebot/2.1; +http://www.google.com/bot.html)"
20.29.71.103 - - [03/May/2026:19:50:49 +0000] "GET /wp-content/plugins/fix/up.php HTTP/1.1" 404 - "-" "Mozilla/5.0 (Windows NT 10.0; Win64; x64) AppleWebKit/537.36 (KHTML, like Gecko) Chrome/85.0.4183.102 Safari/537.36"
47.128.111.51 - - [03/May/2026:19:51:49 +0000] "GET /robots.txt HTTP/1.1" 404 - "-" "Mozilla/5.0 (Linux; Android 5.0) AppleWebKit/537.36 (KHTML, like Gecko) Mobile Safari/537.36 (compatible; Bytespider; spider-feedback@bytedance.com)"
66.249.66.196 - - [03/May/2026:19:53:44 +0000] "GET /category/dance-music/feed/ HTTP/1.1" 404 - "-" "Mozilla/5.0 (compatible; Googlebot/2.1; +http://www.google.com/bot.html)"
43.157.82.252 - - [03/May/2026:19:58:15 +0000] "GET / HTTP/1.1" 200 357 "http://overlookedtracks.com" "Mozilla/5.0 (iPhone; CPU iPhone OS 13_2_3 like Mac OS X) AppleWebKit/605.1.15 (KHTML, like Gecko) Version/13.0.3 Mobile/15E148 Safari/604.1"
66.249.66.197 - - [03/May/2026:19:58:53 +0000] "GET /category/dance-music/feed/ HTTP/1.1" 404 - "-" "Mozilla/5.0 (compatible; Googlebot/2.1; +http://www.google.com/bot.html)"
47.128.111.99 - - [03/May/2026:19:59:48 +0000] "GET /google760d5a64631d827e.html HTTP/1.1" 200 53 "-" "Mozilla/5.0 (Linux; Android 5.0) AppleWebKit/537.36 (KHTML, like Gecko) Mobile Safari/537.36 (compatible; Bytespider; spider-feedback@bytedance.com)"
66.249.66.196 - - [03/May/2026:20:04:21 +0000] "GET /category/dance-music/feed/ HTTP/1.1" 404 - "-" "Mozilla/5.0 (compatible; Googlebot/2.1; +http://www.google.com/bot.html)"
104.244.79.113 - - [03/May/2026:20:08:18 +0000] "GET / HTTP/1.0" 404 - "-" "-"
66.249.66.197 - - [03/May/2026:20:09:57 +0000] "GET /category/dance-music/feed/ HTTP/1.1" 404 - "-" "Mozilla/5.0 (compatible; Googlebot/2.1; +http://www.google.com/bot.html)"
66.249.66.195 - - [03/May/2026:20:15:11 +0000] "GET /category/dance-music/feed/ HTTP/1.1" 404 - "-" "Mozilla/5.0 (compatible; Googlebot/2.1; +http://www.google.com/bot.html)"
66.249.66.197 - - [03/May/2026:20:20:09 +0000] "GET /category/dance-music/feed/ HTTP/1.1" 404 - "-" "Mozilla/5.0 (compatible; Googlebot/2.1; +http://www.google.com/bot.html)"
66.249.66.197 - - [03/May/2026:20:25:28 +0000] "GET /category/dance-music/feed/ HTTP/1.1" 404 - "-" "Mozilla/5.0 (compatible; Googlebot/2.1; +http://www.google.com/bot.html)"
156.231.89.93 - - [03/May/2026:20:25:44 +0000] "GET /wp-content/uploads/2022/03/7992-jared-leto-new-30-seconds-to-mars-music-is-coming-momentarily.jpg HTTP/1.1" 404 - "-" "Mozilla/5.0 (compatible; crawler)"
66.249.66.197 - - [03/May/2026:20:30:38 +0000] "GET /category/dance-music/feed/ HTTP/1.1" 404 - "-" "Mozilla/5.0 (compatible; Googlebot/2.1; +http://www.google.com/bot.html)"
171.107.130.223 - - [03/May/2026:20:35:30 +0000] "POST /wp-comments-post.php HTTP/1.1" 404 - "-" "Mozilla/5.0 (Windows NT 10.0; Win64; x64) AppleWebKit/537.36 (KHTML, like Gecko) Chrome/108.0.0.0 Safari/537.36 Edg/108.0.1462.46"
5.255.231.32 - - [03/May/2026:20:35:40 +0000] "GET /musicians-privacy-policy/ HTTP/1.1" 404 - "-" "Mozilla/5.0 (compatible; YandexBot/3.0; +http://yandex.com/bots)"
66.249.66.196 - - [03/May/2026:20:35:56 +0000] "GET /category/dance-music/feed/ HTTP/1.1" 404 - "-" "Mozilla/5.0 (compatible; Googlebot/2.1; +http://www.google.com/bot.html)"
144.76.32.187 - - [03/May/2026:20:36:10 +0000] "GET /robots.txt HTTP/1.1" 404 - "-" "Mozilla/5.0 (compatible; SERankingBacklinksBot/1.0; +https://seranking.com/backlinks-crawler)"
144.76.32.187 - - [03/May/2026:20:36:11 +0000] "GET /an-overlooked-music-track-creepy-nuts-masaki-suda-its-time-to-support-music-2/ HTTP/1.1" 404 - "-" "Mozilla/5.0 (compatible; SERankingBacklinksBot/1.0; +https://seranking.com/backlinks-crawler)"
5.161.86.62 - - [03/May/2026:20:37:38 +0000] "GET / HTTP/1.1" 200 680 "-" "Mozilla/5.0 (Macintosh; Intel Mac OS X 10_15_7) AppleWebKit/537.36 (KHTML, like Gecko) Chrome/93.0.4577.0 Safari/537.36"
66.249.66.197 - - [03/May/2026:20:41:32 +0000] "GET /category/dance-music/feed/ HTTP/1.1" 404 - "-" "Mozilla/5.0 (compatible; Googlebot/2.1; +http://www.google.com/bot.html)"
66.249.66.195 - - [03/May/2026:20:46:02 +0000] "GET /category/dance-music/feed/ HTTP/1.1" 404 - "-" "Mozilla/5.0 (compatible; Googlebot/2.1; +http://www.google.com/bot.html)"
213.180.203.25 - - [03/May/2026:20:49:46 +0000] "GET /the-music-industry-has-taken-another-step-toward-a-legal-fight-with-twitch/ HTTP/1.1" 404 - "-" "Mozilla/5.0 (compatible; YandexBot/3.0; +http://yandex.com/bots)"
66.249.66.195 - - [03/May/2026:20:49:56 +0000] "GET /category/house-music/feed/ HTTP/1.1" 404 - "-" "Mozilla/5.0 (compatible; Googlebot/2.1; +http://www.google.com/bot.html)"
66.249.66.195 - - [03/May/2026:20:51:34 +0000] "GET /category/dance-music/feed/ HTTP/1.1" 404 - "-" "Mozilla/5.0 (compatible; Googlebot/2.1; +http://www.google.com/bot.html)"
213.180.203.184 - - [03/May/2026:20:54:15 +0000] "GET /robots.txt HTTP/1.1" 404 - "-" "Mozilla/5.0 (compatible; YandexBot/3.0; +http://yandex.com/bots)"
66.249.66.195 - - [03/May/2026:20:56:47 +0000] "GET /category/dance-music/feed/ HTTP/1.1" 404 - "-" "Mozilla/5.0 (compatible; Googlebot/2.1; +http://www.google.com/bot.html)"
66.249.66.195 - - [03/May/2026:21:01:52 +0000] "GET /category/dance-music/feed/ HTTP/1.1" 404 - "-" "Mozilla/5.0 (compatible; Googlebot/2.1; +http://www.google.com/bot.html)"
45.148.10.67 - - [03/May/2026:21:06:19 +0000] "GET / HTTP/1.1" 200 357 "-" "Mozilla/5.0 (Windows NT 10.0; Win64; x64) AppleWebKit/537.36 (KHTML, like Gecko) Chrome/131.0.0.0 Safari/537.36"
66.249.66.196 - - [03/May/2026:21:07:03 +0000] "GET /category/dance-music/feed/ HTTP/1.1" 404 - "-" "Mozilla/5.0 (compatible; Googlebot/2.1; +http://www.google.com/bot.html)"
114.119.148.37 - - [03/May/2026:21:08:05 +0000] "GET /category/inspirational-incl-gospel/ HTTP/1.1" 404 - "https://ift.tt/0yJhCH2" "Mozilla/5.0 (Linux; Android 7.0;) AppleWebKit/537.36 (HTML, like Gecko) Mobile Safari/537.36 (compatible; PetalBot;+https://webmaster.petalsearch.com/site/petalbot)"
5.255.231.27 - - [03/May/2026:21:09:29 +0000] "GET /my-life-is-an-open-book-peter-frampton-talks-about-his-memoir-music-and-playing-live/ HTTP/1.1" 404 - "-" "Mozilla/5.0 (compatible; YandexBot/3.0; +http://yandex.com/bots)"
66.249.66.196 - - [03/May/2026:21:12:12 +0000] "GET /category/dance-music/feed/ HTTP/1.1" 404 - "-" "Mozilla/5.0 (compatible; Googlebot/2.1; +http://www.google.com/bot.html)"
43.130.31.17 - - [03/May/2026:21:13:59 +0000] "GET / HTTP/1.0" 404 - "-" "-"
85.208.98.23 - - [03/May/2026:21:15:08 +0000] "GET /robots.txt HTTP/1.1" 404 - "http://www.overlookedtracks.com/robots.txt" "Mozilla/5.0 (compatible; SemrushBot-BA; +http://www.semrush.com/bot.html)"
85.208.98.29 - - [03/May/2026:21:16:07 +0000] "GET /how-to-watch-the-2022-pitchfork-music-festival-livestream/ HTTP/1.1" 404 - "-" "Mozilla/5.0 (compatible; SemrushBot-BA; +http://www.semrush.com/bot.html)"
66.249.66.197 - - [03/May/2026:21:16:41 +0000] "GET /category/dance-music/feed/ HTTP/1.1" 404 - "-" "Mozilla/5.0 (compatible; Googlebot/2.1; +http://www.google.com/bot.html)"
213.180.203.7 - - [03/May/2026:21:17:59 +0000] "GET /tag/house-music/ HTTP/1.1" 404 - "-" "Mozilla/5.0 (compatible; YandexBot/3.0; +http://yandex.com/bots)"
66.249.66.197 - - [03/May/2026:21:22:20 +0000] "GET /category/dance-music/feed/ HTTP/1.1" 404 - "-" "Mozilla/5.0 (compatible; Googlebot/2.1; +http://www.google.com/bot.html)"
176.120.22.147 - - [03/May/2026:21:23:49 +0000] "GET /administrator/manifests/files/joomla.xml HTTP/1.1" 404 - "-" "Mozilla/5.0 (Macintosh; Intel Mac OS X 10_15_6) AppleWebKit/605.1.15 (KHTML, like Gecko) Version/15.6 Safari/605.1.15"
176.120.22.147 - - [03/May/2026:21:23:51 +0000] "GET /language/en-GB/en-GB.xml HTTP/1.1" 404 - "-" "Mozilla/5.0 (Windows NT 10.0; Win64; x64) AppleWebKit/537.36 (KHTML, like Gecko) Chrome/64.0.3282.140 Safari/537.36 Edge/18.17763"
176.120.22.147 - - [03/May/2026:21:23:58 +0000] "GET /administrator/manifests/files/joomla.xml HTTP/1.1" 404 - "-" "Mozilla/5.0 (Fedora; Linux i686) AppleWebKit/537.36 (KHTML, like Gecko) Chrome/136.0.0.0 Safari/537.36"
176.120.22.147 - - [03/May/2026:21:24:02 +0000] "GET /language/en-GB/en-GB.xml HTTP/1.1" 404 - "-" "Mozilla/5.0 (Macintosh; Intel Mac OS X 10_15_7) AppleWebKit/605.1.15 (KHTML, like Gecko) Version/17.1.1 Safari/605.1.15"
176.120.22.147 - - [03/May/2026:21:24:02 +0000] "GET /README.txt HTTP/1.1" 404 - "-" "Mozilla/5.0 (CentOS; Linux i686) AppleWebKit/537.36 (KHTML, like Gecko) Chrome/129.0.0.0 Safari/537.36"
176.120.22.147 - - [03/May/2026:21:24:03 +0000] "GET /modules/custom.xml HTTP/1.1" 404 - "-" "Mozilla/5.0 (Macintosh; Intel Mac OS X 10_15_7) AppleWebKit/605.1.15 (KHTML, like Gecko) Version/15.5 Safari/605.1.15"
176.120.22.147 - - [03/May/2026:21:24:16 +0000] "GET /README.txt HTTP/1.1" 404 - "-" "Mozilla/5.0 (Windows NT 10.0; Win64; x64; rv:142.0) Gecko/20100101 Firefox/142.0"
66.249.66.195 - - [03/May/2026:21:27:56 +0000] "GET /category/dance-music/feed/ HTTP/1.1" 404 - "-" "Mozilla/5.0 (compatible; Googlebot/2.1; +http://www.google.com/bot.html)"
66.249.66.197 - - [03/May/2026:21:33:02 +0000] "GET /category/dance-music/feed/ HTTP/1.1" 404 - "-" "Mozilla/5.0 (compatible; Googlebot/2.1; +http://www.google.com/bot.html)"
35.236.211.174 - - [03/May/2026:21:37:02 +0000] "GET / HTTP/1.1" 200 357 "-" "SEMrushBot"
178.156.235.26 - - [03/May/2026:21:37:33 +0000] "GET / HTTP/1.1" 200 680 "-" "Mozilla/5.0 (Macintosh; Intel Mac OS X 10_15_7) AppleWebKit/537.36 (KHTML, like Gecko) Chrome/93.0.4577.0 Safari/537.36"
66.249.66.3 - - [03/May/2026:21:37:42 +0000] "GET /category/dance-music/feed/ HTTP/1.1" 404 - "-" "Mozilla/5.0 (compatible; Googlebot/2.1; +http://www.google.com/bot.html)"
8.230.116.158 - - [03/May/2026:21:40:34 +0000] "HEAD /blog/ HTTP/1.1" 404 - "http://overlookedtracks.com/blog/" "Mozilla/5.0 (iPad; CPU OS 17_4 like Mac OS X) AppleWebKit/605.1.15 (KHTML, like Gecko) Version/17.4 Mobile/15E148 Safari/604.1"
8.230.116.158 - - [03/May/2026:21:40:34 +0000] "HEAD /new/ HTTP/1.1" 404 - "http://overlookedtracks.com/new/" "Mozilla/5.0 (Linux; Android 14; SM-A146P) AppleWebKit/537.36 (KHTML, like Gecko) SamsungBrowser/25.0 Chrome/123.0.6312.120 Mobile Safari/537.36"
8.230.116.158 - - [03/May/2026:21:40:34 +0000] "HEAD /old/ HTTP/1.1" 404 - "http://overlookedtracks.com/old/" "Mozilla/5.0 (Macintosh; Intel Mac OS X 15_0) AppleWebKit/537.36 (KHTML, like Gecko) Chrome/125.0.6422.141 Safari/537.36"
8.230.116.158 - - [03/May/2026:21:40:34 +0000] "HEAD / HTTP/1.1" 200 - "http://overlookedtracks.com/" "Mozilla/5.0 (Linux; Android 10; vivo 1904) AppleWebKit/537.36 (KHTML, like Gecko) Chrome/117.0.5938.60 Mobile Safari/537.36"
8.230.116.158 - - [03/May/2026:21:40:34 +0000] "HEAD /wordpress/ HTTP/1.1" 404 - "http://overlookedtracks.com/wordpress/" "Mozilla/5.0 (Linux; Android 14; Samsung SM-A546B) AppleWebKit/537.36 (KHTML, like Gecko) Chrome/126.0.6478.14 Mobile Safari/537.36"
8.230.116.158 - - [03/May/2026:21:40:35 +0000] "HEAD /backup/ HTTP/1.1" 404 - "http://overlookedtracks.com/backup/" "Mozilla/5.0 (X11; Linux x86_64; rv:127.0) Gecko/20100101 Firefox/127.0"
8.230.116.158 - - [03/May/2026:21:40:35 +0000] "HEAD /wp/ HTTP/1.1" 404 - "http://overlookedtracks.com/wp/" "Mozilla/5.0 (Windows NT 10.0; Win64; x64; rv:127.0) Gecko/20100101 Firefox/127.0"
66.249.66.196 - - [03/May/2026:21:42:04 +0000] "GET /category/dance-music/feed/ HTTP/1.1" 404 - "-" "Mozilla/5.0 (compatible; Googlebot/2.1; +http://www.google.com/bot.html)"
66.249.66.195 - - [03/May/2026:21:46:26 +0000] "GET /category/dance-music/feed/ HTTP/1.1" 404 - "-" "Mozilla/5.0 (compatible; Googlebot/2.1; +http://www.google.com/bot.html)"
114.119.154.135 - - [03/May/2026:21:48:02 +0000] "GET /index.php/page-sitemap.xml HTTP/1.1" 404 - "-" "Mozilla/5.0 (Linux; Android 7.0;) AppleWebKit/537.36 (HTML, like Gecko) Mobile Safari/537.36 (compatible; PetalBot;+https://webmaster.petalsearch.com/site/petalbot)"
66.132.195.40 - - [03/May/2026:21:49:01 +0000] "GET / HTTP/1.1" 200 357 "-" "Mozilla/5.0 (compatible; CensysInspect/1.1; +https://about.censys.io/)"
66.132.195.40 - - [03/May/2026:21:49:08 +0000] "GET /favicon.ico HTTP/1.1" 404 - "-" "Mozilla/5.0 (compatible; CensysInspect/1.1; +https://about.censys.io/)"
66.132.195.40 - - [03/May/2026:21:49:49 +0000] "GET / HTTP/1.1" 200 357 "-" "Mozilla/5.0 (compatible; CensysInspect/1.1; +https://about.censys.io/)"
66.132.195.40 - - [03/May/2026:21:49:56 +0000] "GET /security.txt HTTP/1.1" 404 - "-" "Mozilla/5.0 (compatible; CensysInspect/1.1; +https://about.censys.io/)"
66.249.66.196 - - [03/May/2026:21:49:56 +0000] "GET /category/house-music/feed/ HTTP/1.1" 404 - "-" "Mozilla/5.0 (compatible; Googlebot/2.1; +http://www.google.com/bot.html)"
144.76.32.187 - - [03/May/2026:21:49:59 +0000] "GET /robots.txt HTTP/1.1" 404 - "-" "Mozilla/5.0 (compatible; SERankingBacklinksBot/1.0; +https://seranking.com/backlinks-crawler)"
144.76.32.187 - - [03/May/2026:21:49:59 +0000] "GET /an-overlooked-music-track-creepy-nuts-masaki-suda-its-time-to-support-music/ HTTP/1.1" 404 - "-" "Mozilla/5.0 (compatible; SERankingBacklinksBot/1.0; +https://seranking.com/backlinks-crawler)"
66.132.172.139 - - [03/May/2026:21:50:14 +0000] "GET / HTTP/1.1" 200 357 "-" "Mozilla/5.0 (compatible; CensysInspect/1.1; +https://about.censys.io/)"
66.249.66.197 - - [03/May/2026:21:50:50 +0000] "GET /category/dance-music/feed/ HTTP/1.1" 404 - "-" "Mozilla/5.0 (compatible; Googlebot/2.1; +http://www.google.com/bot.html)"
20.104.98.52 - - [03/May/2026:21:53:02 +0000] "GET /wk/index.php HTTP/1.1" 404 - "-" "Mozilla/5.0 (Windows NT 10.0; Win64; x64) AppleWebKit/537.36 (KHTML, like Gecko) Chrome/120.0.0.0 Safari/537.36"
20.104.98.52 - - [03/May/2026:21:53:02 +0000] "GET /inputs.php HTTP/1.1" 404 - "-" "Mozilla/5.0 (Windows NT 10.0; Win64; x64) AppleWebKit/537.36 (KHTML, like Gecko) Chrome/120.0.0.0 Safari/537.36"
20.104.98.52 - - [03/May/2026:21:53:02 +0000] "GET /ioxi-o.php HTTP/1.1" 404 - "-" "Mozilla/5.0 (Windows NT 10.0; Win64; x64) AppleWebKit/537.36 (KHTML, like Gecko) Chrome/120.0.0.0 Safari/537.36"
20.104.98.52 - - [03/May/2026:21:53:02 +0000] "GET /function/function.php HTTP/1.1" 404 - "-" "Mozilla/5.0 (Windows NT 10.0; Win64; x64) AppleWebKit/537.36 (KHTML, like Gecko) Chrome/120.0.0.0 Safari/537.36"
20.104.98.52 - - [03/May/2026:21:53:02 +0000] "GET /rip.php HTTP/1.1" 404 - "-" "Mozilla/5.0 (Windows NT 10.0; Win64; x64) AppleWebKit/537.36 (KHTML, like Gecko) Chrome/120.0.0.0 Safari/537.36"
20.104.98.52 - - [03/May/2026:21:53:02 +0000] "GET /admin.php HTTP/1.1" 404 - "-" "Mozilla/5.0 (Windows NT 10.0; Win64; x64) AppleWebKit/537.36 (KHTML, like Gecko) Chrome/120.0.0.0 Safari/537.36"
20.104.98.52 - - [03/May/2026:21:53:02 +0000] "GET /wp-content/uploads/index.php HTTP/1.1" 404 - "-" "Mozilla/5.0 (Windows NT 10.0; Win64; x64) AppleWebKit/537.36 (KHTML, like Gecko) Chrome/120.0.0.0 Safari/537.36"
20.104.98.52 - - [03/May/2026:21:53:02 +0000] "GET /cache.php HTTP/1.1" 404 - "-" "Mozilla/5.0 (Windows NT 10.0; Win64; x64) AppleWebKit/537.36 (KHTML, like Gecko) Chrome/120.0.0.0 Safari/537.36"
20.104.98.52 - - [03/May/2026:21:53:03 +0000] "GET /themes.php HTTP/1.1" 404 - "-" "Mozilla/5.0 (Windows NT 10.0; Win64; x64) AppleWebKit/537.36 (KHTML, like Gecko) Chrome/120.0.0.0 Safari/537.36"
20.104.98.52 - - [03/May/2026:21:53:03 +0000] "GET /an.php HTTP/1.1" 404 - "-" "Mozilla/5.0 (Windows NT 10.0; Win64; x64) AppleWebKit/537.36 (KHTML, like Gecko) Chrome/120.0.0.0 Safari/537.36"
20.104.98.52 - - [03/May/2026:21:53:03 +0000] "GET /index/function.php HTTP/1.1" 404 - "-" "Mozilla/5.0 (Windows NT 10.0; Win64; x64) AppleWebKit/537.36 (KHTML, like Gecko) Chrome/120.0.0.0 Safari/537.36"
20.104.98.52 - - [03/May/2026:21:53:03 +0000] "GET /randkeyword.PhP7 HTTP/1.1" 404 - "-" "Mozilla/5.0 (Windows NT 10.0; Win64; x64) AppleWebKit/537.36 (KHTML, like Gecko) Chrome/120.0.0.0 Safari/537.36"
20.104.98.52 - - [03/May/2026:21:53:03 +0000] "GET /ws.php HTTP/1.1" 404 - "-" "Mozilla/5.0 (Windows NT 10.0; Win64; x64) AppleWebKit/537.36 (KHTML, like Gecko) Chrome/120.0.0.0 Safari/537.36"
20.104.98.52 - - [03/May/2026:21:53:03 +0000] "GET /404.php HTTP/1.1" 404 - "-" "Mozilla/5.0 (Windows NT 10.0; Win64; x64) AppleWebKit/537.36 (KHTML, like Gecko) Chrome/120.0.0.0 Safari/537.36"
20.104.98.52 - - [03/May/2026:21:53:03 +0000] "GET /wp-admin/user/index.php HTTP/1.1" 404 - "-" "Mozilla/5.0 (Windows NT 10.0; Win64; x64) AppleWebKit/537.36 (KHTML, like Gecko) Chrome/120.0.0.0 Safari/537.36"
20.104.98.52 - - [03/May/2026:21:53:03 +0000] "GET /wp-conf.php HTTP/1.1" 404 - "-" "Mozilla/5.0 (Windows NT 10.0; Win64; x64) AppleWebKit/537.36 (KHTML, like Gecko) Chrome/120.0.0.0 Safari/537.36"
20.104.98.52 - - [03/May/2026:21:53:03 +0000] "GET /wp-content/themes/hideo/network.php HTTP/1.1" 404 - "-" "Mozilla/5.0 (Windows NT 10.0; Win64; x64) AppleWebKit/537.36 (KHTML, like Gecko) Chrome/120.0.0.0 Safari/537.36"
20.104.98.52 - - [03/May/2026:21:53:04 +0000] "GET /wp-login.php HTTP/1.1" 404 - "-" "Mozilla/5.0 (Windows NT 10.0; Win64; x64) AppleWebKit/537.36 (KHTML, like Gecko) Chrome/120.0.0.0 Safari/537.36"
20.104.98.52 - - [03/May/2026:21:53:04 +0000] "GET /abc.php HTTP/1.1" 404 - "-" "Mozilla/5.0 (Windows NT 10.0; Win64; x64) AppleWebKit/537.36 (KHTML, like Gecko) Chrome/120.0.0.0 Safari/537.36"
20.104.98.52 - - [03/May/2026:21:53:04 +0000] "GET /abcd.php HTTP/1.1" 404 - "-" "Mozilla/5.0 (Windows NT 10.0; Win64; x64) AppleWebKit/537.36 (KHTML, like Gecko) Chrome/120.0.0.0 Safari/537.36"
20.104.98.52 - - [03/May/2026:21:53:04 +0000] "GET /as.php HTTP/1.1" 404 - "-" "Mozilla/5.0 (Windows NT 10.0; Win64; x64) AppleWebKit/537.36 (KHTML, like Gecko) Chrome/120.0.0.0 Safari/537.36"
20.104.98.52 - - [03/May/2026:21:53:04 +0000] "GET /wp-trackback.php HTTP/1.1" 404 - "-" "Mozilla/5.0 (Windows NT 10.0; Win64; x64) AppleWebKit/537.36 (KHTML, like Gecko) Chrome/120.0.0.0 Safari/537.36"
20.104.98.52 - - [03/May/2026:21:53:04 +0000] "GET /about.php HTTP/1.1" 404 - "-" "Mozilla/5.0 (Windows NT 10.0; Win64; x64) AppleWebKit/537.36 (KHTML, like Gecko) Chrome/120.0.0.0 Safari/537.36"
20.104.98.52 - - [03/May/2026:21:53:04 +0000] "GET /file.php HTTP/1.1" 404 - "-" "Mozilla/5.0 (Windows NT 10.0; Win64; x64) AppleWebKit/537.36 (KHTML, like Gecko) Chrome/120.0.0.0 Safari/537.36"
20.104.98.52 - - [03/May/2026:21:53:04 +0000] "GET /adminfuns.php HTTP/1.1" 404 - "-" "Mozilla/5.0 (Windows NT 10.0; Win64; x64) AppleWebKit/537.36 (KHTML, like Gecko) Chrome/120.0.0.0 Safari/537.36"
20.104.98.52 - - [03/May/2026:21:53:04 +0000] "GET /wp-good.php HTTP/1.1" 404 - "-" "Mozilla/5.0 (Windows NT 10.0; Win64; x64) AppleWebKit/537.36 (KHTML, like Gecko) Chrome/120.0.0.0 Safari/537.36"
20.104.98.52 - - [03/May/2026:21:53:04 +0000] "GET /xmlrpc.php HTTP/1.1" 404 - "-" "Mozilla/5.0 (Windows NT 10.0; Win64; x64) AppleWebKit/537.36 (KHTML, like Gecko) Chrome/120.0.0.0 Safari/537.36"
20.104.98.52 - - [03/May/2026:21:53:05 +0000] "GET /goods.php HTTP/1.1" 404 - "-" "Mozilla/5.0 (Windows NT 10.0; Win64; x64) AppleWebKit/537.36 (KHTML, like Gecko) Chrome/120.0.0.0 Safari/537.36"
20.104.98.52 - - [03/May/2026:21:53:05 +0000] "GET /class-t.api.php HTTP/1.1" 404 - "-" "Mozilla/5.0 (Windows NT 10.0; Win64; x64) AppleWebKit/537.36 (KHTML, like Gecko) Chrome/120.0.0.0 Safari/537.36"
20.104.98.52 - - [03/May/2026:21:53:05 +0000] "GET /sf.php HTTP/1.1" 404 - "-" "Mozilla/5.0 (Windows NT 10.0; Win64; x64) AppleWebKit/537.36 (KHTML, like Gecko) Chrome/120.0.0.0 Safari/537.36"
20.104.98.52 - - [03/May/2026:21:53:05 +0000] "GET /kbfr.php HTTP/1.1" 404 - "-" "Mozilla/5.0 (Windows NT 10.0; Win64; x64) AppleWebKit/537.36 (KHTML, like Gecko) Chrome/120.0.0.0 Safari/537.36"
