Sid Gifari File Manager
🏠 Root
/
home
/
genremedia08
/
access-logs
/
Editing: overlookedtracks.com-ssl_log
66.249.66.196 - - [03/May/2026:12:01:29 +0000] "GET /category/dance-music/feed/ HTTP/1.1" 404 - "-" "Mozilla/5.0 (compatible; Googlebot/2.1; +http://www.google.com/bot.html)"
47.128.111.86 - - [03/May/2026:12:03:08 +0000] "GET /season-2/ HTTP/1.1" 404 - "-" "Mozilla/5.0 (Linux; Android 5.0) AppleWebKit/537.36 (KHTML, like Gecko) Mobile Safari/537.36 (compatible; Bytespider; spider-feedback@bytedance.com)"
46.202.238.234 - - [03/May/2026:12:04:22 +0000] "GET /wp-content/uploads/2021/04/34736-get-the-best-portable-hi-fi-sound-with-the-best-mp3-players-1024x576.jpg HTTP/1.1" 404 - "-" "Mozilla/5.0 (compatible; crawler)"
5.255.231.129 - - [03/May/2026:12:04:55 +0000] "GET /robots.txt HTTP/1.1" 404 - "-" "Mozilla/5.0 (compatible; YandexBot/3.0; +http://yandex.com/bots)"
87.250.224.217 - - [03/May/2026:12:04:57 +0000] "GET /pivotal-figure-dj-steve-sutherland-has-died/ HTTP/1.1" 404 - "-" "Mozilla/5.0 (compatible; YandexBot/3.0; +http://yandex.com/bots)"
66.249.66.196 - - [03/May/2026:12:06:36 +0000] "GET /category/dance-music/feed/ HTTP/1.1" 404 - "-" "Mozilla/5.0 (compatible; Googlebot/2.1; +http://www.google.com/bot.html)"
144.76.32.187 - - [03/May/2026:12:07:19 +0000] "GET /robots.txt HTTP/1.1" 404 - "-" "Mozilla/5.0 (compatible; SERankingBacklinksBot/1.0; +https://seranking.com/backlinks-crawler)"
144.76.32.187 - - [03/May/2026:12:07:20 +0000] "GET /an-overlooked-music-track-commodo-gantz-kahn-its-time-to-support-music/ HTTP/1.1" 404 - "-" "Mozilla/5.0 (compatible; SERankingBacklinksBot/1.0; +https://seranking.com/backlinks-crawler)"
85.11.183.21 - - [03/May/2026:12:10:40 +0000] "GET / HTTP/1.1" 200 357 "-" "Mozilla/5.0 (Windows NT 10.0; Win64; x64) AppleWebKit/537.36 (KHTML, like Gecko) Chrome/140.0.0.0 Safari/537.36"
85.11.183.21 - - [03/May/2026:12:10:40 +0000] "GET / HTTP/1.0" 404 - "-" "-"
66.249.66.197 - - [03/May/2026:12:12:01 +0000] "GET /category/dance-music/feed/ HTTP/1.1" 404 - "-" "Mozilla/5.0 (compatible; Googlebot/2.1; +http://www.google.com/bot.html)"
87.250.224.218 - - [03/May/2026:12:12:45 +0000] "GET /portfolio/north-america/ HTTP/1.1" 404 - "-" "Mozilla/5.0 (compatible; YandexBot/3.0; +http://yandex.com/bots)"
8.216.8.3 - - [03/May/2026:12:16:48 +0000] "GET / HTTP/1.1" 200 680 "-" "curl/7.64.1"
8.216.8.3 - - [03/May/2026:12:16:53 +0000] "GET / HTTP/1.1" 200 357 "-" "curl/7.74.0"
66.249.66.196 - - [03/May/2026:12:17:03 +0000] "GET /category/dance-music/feed/ HTTP/1.1" 404 - "-" "Mozilla/5.0 (compatible; Googlebot/2.1; +http://www.google.com/bot.html)"
43.157.62.101 - - [03/May/2026:12:17:03 +0000] "GET / HTTP/1.1" 200 357 "http://www.overlookedtracks.com" "Mozilla/5.0 (iPhone; CPU iPhone OS 13_2_3 like Mac OS X) AppleWebKit/605.1.15 (KHTML, like Gecko) Version/13.0.3 Mobile/15E148 Safari/604.1"
66.249.66.197 - - [03/May/2026:12:22:06 +0000] "GET /category/dance-music/feed/ HTTP/1.1" 404 - "-" "Mozilla/5.0 (compatible; Googlebot/2.1; +http://www.google.com/bot.html)"
89.190.156.78 - - [03/May/2026:12:24:42 +0000] "GET /ueditor/php/controller.php?action=catchimage&source[]=http://127.0.0.1:013789/?1.png HTTP/1.1" 404 - "-" "Mozilla/5.0 (Macintosh; Intel Mac OS X 10_9_5) AppleWebKit/537.36 (KHTML, like Gecko) Chrome/64.0.3282.140 Safari/537.36"
89.190.156.78 - - [03/May/2026:12:24:42 +0000] "GET /wp-json/oembed/1.0/proxy HTTP/1.1" 404 - "-" "Mozilla/5.0 (X11; Linux i686; rv:1.9.7.20) Gecko/ Firefox/3.6.2"
89.190.156.78 - - [03/May/2026:12:24:43 +0000] "GET /ueditor/jsp/controller.jsp?action=catchimage&source[]=http://127.0.0.1:634701/?1.png HTTP/1.1" 404 - "-" "Mozilla/5.0 (Windows NT 6.2; Win64; x64; rv:109.0) Gecko/20100101 Firefox/115.0"
89.190.156.78 - - [03/May/2026:12:25:21 +0000] "GET /wp-content/plugins/jetpack/readme.txt HTTP/1.1" 404 - "-" "Mozilla/5.0 (X11; Linux x86_64; rv:137.0) Gecko/20100101 Firefox/137.0"
5.255.231.19 - - [03/May/2026:12:25:21 +0000] "GET /what-actual-record-store-clerks-think-of-hulus-high-fidelity-reboot/ HTTP/1.1" 404 - "-" "Mozilla/5.0 (compatible; YandexBot/3.0; +http://yandex.com/bots)"
171.107.131.82 - - [03/May/2026:12:26:32 +0000] "POST /wp-comments-post.php HTTP/1.1" 404 - "-" "Mozilla/5.0 (Windows NT 10.0; Win64; x64) AppleWebKit/537.36 (KHTML, like Gecko) Chrome/108.0.0.0 Safari/537.36 Edg/108.0.1462.46"
66.249.66.197 - - [03/May/2026:12:27:03 +0000] "GET /category/dance-music/feed/ HTTP/1.1" 404 - "-" "Mozilla/5.0 (compatible; Googlebot/2.1; +http://www.google.com/bot.html)"
66.249.66.196 - - [03/May/2026:12:32:41 +0000] "GET /category/dance-music/feed/ HTTP/1.1" 404 - "-" "Mozilla/5.0 (compatible; Googlebot/2.1; +http://www.google.com/bot.html)"
62.146.226.39 - - [03/May/2026:12:37:31 +0000] "GET / HTTP/1.1" 200 680 "-" "Mozilla/5.0 (Macintosh; Intel Mac OS X 10_15_7) AppleWebKit/537.36 (KHTML, like Gecko) Chrome/93.0.4577.0 Safari/537.36"
66.249.66.195 - - [03/May/2026:12:37:49 +0000] "GET /category/dance-music/feed/ HTTP/1.1" 404 - "-" "Mozilla/5.0 (compatible; Googlebot/2.1; +http://www.google.com/bot.html)"
120.241.79.66 - - [03/May/2026:12:38:33 +0000] "POST /cgi-bin/.%2e/.%2e/.%2e/.%2e/.%2e/.%2e/.%2e/.%2e/.%2e/.%2e/bin/sh HTTP/1.1" 404 - "-" "libredtail-http"
120.241.79.66 - - [03/May/2026:12:38:38 +0000] "POST /cgi-bin/%%32%65%%32%65/%%32%65%%32%65/%%32%65%%32%65/%%32%65%%32%65/%%32%65%%32%65/%%32%65%%32%65/%%32%65%%32%65/bin/sh HTTP/1.1" 404 - "-" "libredtail-http"
120.241.79.66 - - [03/May/2026:12:38:48 +0000] "POST /hello.world?%ADd+allow_url_include%3d1+%ADd+auto_prepend_file%3dphp://input HTTP/1.1" 404 - "-" "libredtail-http"
66.249.66.195 - - [03/May/2026:12:42:18 +0000] "GET /category/dance-music/feed/ HTTP/1.1" 404 - "-" "Mozilla/5.0 (compatible; Googlebot/2.1; +http://www.google.com/bot.html)"
45.135.193.11 - - [03/May/2026:12:47:38 +0000] "GET / HTTP/1.0" 404 - "-" "-"
45.135.193.11 - - [03/May/2026:12:47:39 +0000] "GET / HTTP/1.0" 404 - "-" "-"
66.249.66.195 - - [03/May/2026:12:47:43 +0000] "GET /category/dance-music/feed/ HTTP/1.1" 404 - "-" "Mozilla/5.0 (compatible; Googlebot/2.1; +http://www.google.com/bot.html)"
66.249.66.195 - - [03/May/2026:12:49:44 +0000] "GET /category/house-music/feed/ HTTP/1.1" 404 - "-" "Mozilla/5.0 (compatible; Googlebot/2.1; +http://www.google.com/bot.html)"
66.249.66.195 - - [03/May/2026:12:53:01 +0000] "GET /category/dance-music/feed/ HTTP/1.1" 404 - "-" "Mozilla/5.0 (compatible; Googlebot/2.1; +http://www.google.com/bot.html)"
66.249.66.197 - - [03/May/2026:12:57:48 +0000] "GET /category/dance-music/feed/ HTTP/1.1" 404 - "-" "Mozilla/5.0 (compatible; Googlebot/2.1; +http://www.google.com/bot.html)"
213.180.203.162 - - [03/May/2026:12:58:39 +0000] "GET /robots.txt HTTP/1.1" 404 - "-" "Mozilla/5.0 (compatible; YandexBot/3.0; +http://yandex.com/bots)"
87.250.224.104 - - [03/May/2026:12:58:40 +0000] "GET /category/stories/ HTTP/1.1" 404 - "-" "Mozilla/5.0 (compatible; YandexBot/3.0; +http://yandex.com/bots)"
213.180.203.135 - - [03/May/2026:12:58:41 +0000] "GET /fans-choose-beyonces-renaissance-as-this-weeks-favorite-new-music/ HTTP/1.1" 404 - "-" "Mozilla/5.0 (compatible; YandexBot/3.0; +http://yandex.com/bots)"
43.167.157.80 - - [03/May/2026:12:58:55 +0000] "GET / HTTP/1.1" 200 357 "http://overlookedtracks.com" "Mozilla/5.0 (iPhone; CPU iPhone OS 13_2_3 like Mac OS X) AppleWebKit/605.1.15 (KHTML, like Gecko) Version/13.0.3 Mobile/15E148 Safari/604.1"
66.249.66.195 - - [03/May/2026:13:03:04 +0000] "GET /category/dance-music/feed/ HTTP/1.1" 404 - "-" "Mozilla/5.0 (compatible; Googlebot/2.1; +http://www.google.com/bot.html)"
66.249.66.196 - - [03/May/2026:13:07:47 +0000] "GET /category/dance-music/feed/ HTTP/1.1" 404 - "-" "Mozilla/5.0 (compatible; Googlebot/2.1; +http://www.google.com/bot.html)"
66.249.66.197 - - [03/May/2026:13:13:03 +0000] "GET /category/dance-music/feed/ HTTP/1.1" 404 - "-" "Mozilla/5.0 (compatible; Googlebot/2.1; +http://www.google.com/bot.html)"
66.249.66.197 - - [03/May/2026:13:17:45 +0000] "GET /category/dance-music/feed/ HTTP/1.1" 404 - "-" "Mozilla/5.0 (compatible; Googlebot/2.1; +http://www.google.com/bot.html)"
66.249.66.167 - - [03/May/2026:13:22:04 +0000] "GET /category/dance-music/feed/ HTTP/1.1" 404 - "-" "Mozilla/5.0 (compatible; Googlebot/2.1; +http://www.google.com/bot.html)"
47.128.111.78 - - [03/May/2026:13:26:01 +0000] "GET /tag/soundtrack HTTP/1.1" 404 - "-" "Mozilla/5.0 (Linux; Android 5.0) AppleWebKit/537.36 (KHTML, like Gecko) Mobile Safari/537.36 (compatible; Bytespider; spider-feedback@bytedance.com)"
66.249.66.67 - - [03/May/2026:13:26:59 +0000] "GET /category/dance-music/feed/ HTTP/1.1" 404 - "-" "Mozilla/5.0 (compatible; Googlebot/2.1; +http://www.google.com/bot.html)"
168.144.122.204 - - [03/May/2026:13:29:10 +0000] "GET / HTTP/1.1" 200 357 "-" "Mozilla/5.0 (X11; Linux x86_64) AppleWebKit/537.36 (KHTML, like Gecko) Chrome/142.0.0.0 Safari/537.36"
45.148.10.67 - - [03/May/2026:13:29:12 +0000] "GET / HTTP/1.1" 200 357 "-" "Mozilla/5.0 (Windows NT 10.0; Win64; x64) AppleWebKit/537.36 (KHTML, like Gecko) Chrome/131.0.0.0 Safari/537.36"
66.249.66.67 - - [03/May/2026:13:31:19 +0000] "GET /category/dance-music/feed/ HTTP/1.1" 404 - "-" "Mozilla/5.0 (compatible; Googlebot/2.1; +http://www.google.com/bot.html)"
95.108.213.221 - - [03/May/2026:13:31:36 +0000] "GET /robots.txt HTTP/1.1" 404 - "-" "Mozilla/5.0 (compatible; YandexBot/3.0; +http://yandex.com/bots)"
213.180.203.143 - - [03/May/2026:13:31:37 +0000] "GET /wolfgang-van-halen/ HTTP/1.1" 404 - "-" "Mozilla/5.0 (compatible; YandexBot/3.0; +http://yandex.com/bots)"
66.249.66.195 - - [03/May/2026:13:35:39 +0000] "GET /category/dance-music/feed/ HTTP/1.1" 404 - "-" "Mozilla/5.0 (compatible; Googlebot/2.1; +http://www.google.com/bot.html)"
82.153.73.35 - - [03/May/2026:13:37:32 +0000] "GET /wp-content/uploads/2022/11/24296-an-amazon-affiliate-item-universal-laptop-projector-tripod-stand-2-pcs-computer-book-dj-equipment-holder-mount-height-adjustable-up-to-50-inches-w-20-x-16-plate-size-473x450.jpg HTTP/1.1" 404 - "-" "Mozilla/5.0 (compatible; crawler)"
62.146.226.43 - - [03/May/2026:13:38:06 +0000] "GET / HTTP/1.1" 200 680 "-" "Mozilla/5.0 (Macintosh; Intel Mac OS X 10_15_7) AppleWebKit/537.36 (KHTML, like Gecko) Chrome/93.0.4577.0 Safari/537.36"
66.249.66.197 - - [03/May/2026:13:40:22 +0000] "GET /category/dance-music/feed/ HTTP/1.1" 404 - "-" "Mozilla/5.0 (compatible; Googlebot/2.1; +http://www.google.com/bot.html)"
114.119.135.186 - - [03/May/2026:13:43:24 +0000] "GET /wp-content/uploads/2022/12/27676-an-overlooked-music-track-keeley-forsyth-its-time-to-support-music.jpg HTTP/1.1" 404 - "https://www.overlookedtracks.com/an-overlooked-music-track-keeley-forsyth-its-time-to-support-music/" "Mozilla/5.0 (Linux; Android 7.0;) AppleWebKit/537.36 (HTML, like Gecko) Mobile Safari/537.36 (compatible; PetalBot;+https://webmaster.petalsearch.com/site/petalbot)"
66.249.66.196 - - [03/May/2026:13:45:58 +0000] "GET /category/dance-music/feed/ HTTP/1.1" 404 - "-" "Mozilla/5.0 (compatible; Googlebot/2.1; +http://www.google.com/bot.html)"
47.128.111.250 - - [03/May/2026:13:46:18 +0000] "GET /tag/rb HTTP/1.1" 404 - "-" "Mozilla/5.0 (Linux; Android 5.0) AppleWebKit/537.36 (KHTML, like Gecko) Mobile Safari/537.36 (compatible; Bytespider; spider-feedback@bytedance.com)"
66.249.66.197 - - [03/May/2026:13:49:44 +0000] "GET /category/house-music/feed/ HTTP/1.1" 404 - "-" "Mozilla/5.0 (compatible; Googlebot/2.1; +http://www.google.com/bot.html)"
66.249.66.195 - - [03/May/2026:13:51:15 +0000] "GET /category/dance-music/feed/ HTTP/1.1" 404 - "-" "Mozilla/5.0 (compatible; Googlebot/2.1; +http://www.google.com/bot.html)"
103.131.71.67 - - [03/May/2026:13:51:40 +0000] "GET /robots.txt HTTP/1.1" 404 - "-" "Mozilla/5.0 (compatible; coccocbot-web/1.0; +http://help.coccoc.com/searchengine)"
172.234.217.129 - - [03/May/2026:13:54:02 +0000] "GET / HTTP/1.1" 200 357 "-" "Mozilla/5.0 (Macintosh; Intel Mac OS X 13_1) AppleWebKit/537.36 (KHTML, like Gecko) Chrome/108.0.0.0 Safari/537.36"
66.249.66.195 - - [03/May/2026:13:54:49 +0000] "GET /music-streaming/ HTTP/1.1" 404 - "-" "Mozilla/5.0 (Linux; Android 6.0.1; Nexus 5X Build/MMB29P) AppleWebKit/537.36 (KHTML, like Gecko) Chrome/147.0.7727.137 Mobile Safari/537.36 (compatible; Googlebot/2.1; +http://www.google.com/bot.html)"
66.249.66.42 - - [03/May/2026:13:55:51 +0000] "GET /category/dance-music/feed/ HTTP/1.1" 404 - "-" "Mozilla/5.0 (compatible; Googlebot/2.1; +http://www.google.com/bot.html)"
74.7.228.24 - - [03/May/2026:13:57:51 +0000] "GET /robots.txt HTTP/1.1" 404 - "-" "Mozilla/5.0 (Macintosh; Intel Mac OS X 10_15_7) AppleWebKit/537.36 (KHTML, like Gecko) Chrome/131.0.0.0 Safari/537.36; compatible; OAI-SearchBot/1.3; robots.txt; +https://openai.com/searchbot"
114.119.131.248 - - [03/May/2026:13:58:48 +0000] "GET /wp-content/uploads/2023/01/27846-an-overlooked-music-track-caity-gyorgy-its-time-to-support-music.jpg HTTP/1.1" 404 - "https://www.overlookedtracks.com/an-overlooked-music-track-caity-gyorgy-its-time-to-support-music/" "Mozilla/5.0 (Linux; Android 7.0;) AppleWebKit/537.36 (HTML, like Gecko) Mobile Safari/537.36 (compatible; PetalBot;+https://webmaster.petalsearch.com/site/petalbot)"
66.249.66.195 - - [03/May/2026:14:00:52 +0000] "GET /category/dance-music/feed/ HTTP/1.1" 404 - "-" "Mozilla/5.0 (compatible; Googlebot/2.1; +http://www.google.com/bot.html)"
66.249.66.195 - - [03/May/2026:14:06:12 +0000] "GET /category/dance-music/feed/ HTTP/1.1" 404 - "-" "Mozilla/5.0 (compatible; Googlebot/2.1; +http://www.google.com/bot.html)"
216.244.66.245 - - [03/May/2026:14:10:17 +0000] "GET /robots.txt HTTP/1.1" 404 - "-" "Mozilla/5.0 (compatible; DotBot/1.2; +https://opensiteexplorer.org/dotbot; help@moz.com)"
66.249.66.196 - - [03/May/2026:14:11:08 +0000] "GET /category/dance-music/feed/ HTTP/1.1" 404 - "-" "Mozilla/5.0 (compatible; Googlebot/2.1; +http://www.google.com/bot.html)"
114.119.150.57 - - [03/May/2026:14:12:11 +0000] "GET /wp-content/uploads/2023/02/31815-an-overlooked-music-track-gaby-paul-its-time-to-support-music-300x300.jpg HTTP/1.1" 404 - "-" "Mozilla/5.0 (Linux; Android 7.0;) AppleWebKit/537.36 (HTML, like Gecko) Mobile Safari/537.36 (compatible; PetalBot;+https://webmaster.petalsearch.com/site/petalbot)"
66.249.66.66 - - [03/May/2026:14:14:47 +0000] "GET /robots.txt HTTP/1.1" 404 - "-" "Mozilla/5.0 (compatible; Googlebot/2.1; +http://www.google.com/bot.html)"
114.119.154.135 - - [03/May/2026:14:15:08 +0000] "GET /wp-content/uploads/2022/11/22821-e38184e38184e69982e99693.jpg HTTP/1.1" 404 - "-" "Mozilla/5.0 (Linux; Android 7.0;) AppleWebKit/537.36 (HTML, like Gecko) Mobile Safari/537.36 (compatible; PetalBot;+https://webmaster.petalsearch.com/site/petalbot)"
66.249.66.2 - - [03/May/2026:14:15:48 +0000] "GET /category/dance-music/feed/ HTTP/1.1" 404 - "-" "Mozilla/5.0 (compatible; Googlebot/2.1; +http://www.google.com/bot.html)"
114.119.131.248 - - [03/May/2026:14:17:42 +0000] "GET /an-overlooked-music-track-rutekia-its-time-to-support-music-3/ HTTP/1.1" 404 - "https://www.overlookedtracks.com/category/experimental/" "Mozilla/5.0 (Linux; Android 7.0;) AppleWebKit/537.36 (HTML, like Gecko) Mobile Safari/537.36 (compatible; PetalBot;+https://webmaster.petalsearch.com/site/petalbot)"
216.244.66.245 - - [03/May/2026:14:19:06 +0000] "GET /?post_type=tribe_events&eventDisplay=photo&tribe_events_cat=concert-information&eventDate=2022-11-10 HTTP/1.1" 200 680 "-" "Mozilla/5.0 (compatible; DotBot/1.2; +https://opensiteexplorer.org/dotbot; help@moz.com)"
66.249.66.5 - - [03/May/2026:14:19:30 +0000] "GET /robots.txt HTTP/1.1" 404 - "-" "Mozilla/5.0 (compatible; Googlebot/2.1; +http://www.google.com/bot.html)"
66.249.66.44 - - [03/May/2026:14:19:30 +0000] "GET /ads.txt HTTP/1.1" 404 - "-" "Mozilla/5.0 (compatible; Googlebot/2.1; +http://www.google.com/bot.html)"
66.249.66.195 - - [03/May/2026:14:20:05 +0000] "GET /category/dance-music/feed/ HTTP/1.1" 404 - "-" "Mozilla/5.0 (compatible; Googlebot/2.1; +http://www.google.com/bot.html)"
114.119.154.135 - - [03/May/2026:14:20:11 +0000] "GET /wp-content/uploads/2023/01/28457-an-amazon-affiliate-item-ramones-the-musikladen-recordings-dvd-cd.jpg HTTP/1.1" 404 - "-" "Mozilla/5.0 (Linux; Android 7.0;) AppleWebKit/537.36 (HTML, like Gecko) Mobile Safari/537.36 (compatible; PetalBot;+https://webmaster.petalsearch.com/site/petalbot)"
66.249.66.197 - - [03/May/2026:14:24:39 +0000] "GET /category/dance-music/feed/ HTTP/1.1" 404 - "-" "Mozilla/5.0 (compatible; Googlebot/2.1; +http://www.google.com/bot.html)"
104.253.176.43 - - [03/May/2026:14:25:50 +0000] "GET /wp-content/uploads/2020/11/29633-rita-ora-women-in-the-music-industry-still-have-to-fight-every-day-for-equal-pay-and-rights.jpg HTTP/1.1" 404 - "-" "Mozilla/5.0 (compatible; crawler)"
66.249.66.195 - - [03/May/2026:14:29:50 +0000] "GET /category/dance-music/feed/ HTTP/1.1" 404 - "-" "Mozilla/5.0 (compatible; Googlebot/2.1; +http://www.google.com/bot.html)"
185.189.182.234 - - [03/May/2026:14:33:43 +0000] "GET /981005298 HTTP/1.1" 404 - "-" "-"
157.32.121.63 - - [03/May/2026:14:34:35 +0000] "GET /?utm_source=ig&utm_medium=social&utm_content=link_in_bio&fbclid=PAZXh0bgNhZW0CMTEAc3J0YwZhcHBfaWQPNTY3MDY3MzQzMzUyNDI3AAGnvbjIPWhm8BJ9YrGDkLLxRriOKPBkUi1mtLh1OLNAg_xQQH83ZSN9D5Y0UFs_aem_6eyaAxC5dPUMjgOIT5NKPw HTTP/1.1" 200 357 "https://l.instagram.com/" "Mozilla/5.0 (Linux; Android 12; CPH2095 Build/RKQ1.211119.001; wv) AppleWebKit/537.36 (KHTML, like Gecko) Version/4.0 Chrome/147.0.7727.105 Mobile Safari/537.36 Instagram 426.0.0.37.68 Android (31/12; 408dpi; 1080x2400; OPPO; CPH2095; OP4EF3L1; qcom; en_IN; 947628929; IABMV/1) NV/501"
66.249.66.196 - - [03/May/2026:14:35:16 +0000] "GET /category/dance-music/feed/ HTTP/1.1" 404 - "-" "Mozilla/5.0 (compatible; Googlebot/2.1; +http://www.google.com/bot.html)"
178.156.190.34 - - [03/May/2026:14:37:43 +0000] "GET / HTTP/1.1" 200 680 "-" "Mozilla/5.0 (Macintosh; Intel Mac OS X 10_15_7) AppleWebKit/537.36 (KHTML, like Gecko) Chrome/93.0.4577.0 Safari/537.36"
66.249.66.197 - - [03/May/2026:14:40:12 +0000] "GET /category/dance-music/feed/ HTTP/1.1" 404 - "-" "Mozilla/5.0 (compatible; Googlebot/2.1; +http://www.google.com/bot.html)"
31.58.124.32 - - [03/May/2026:14:41:01 +0000] "GET /wp-content/uploads/2019/10/4854/frank-ocean-reveals-new-details-about-his-upcoming-album-1024x574.jpeg HTTP/1.1" 404 - "-" "Mozilla/5.0 (compatible; crawler)"
43.133.66.51 - - [03/May/2026:14:45:46 +0000] "GET / HTTP/1.0" 404 - "-" "-"
66.249.66.196 - - [03/May/2026:14:45:50 +0000] "GET /category/dance-music/feed/ HTTP/1.1" 404 - "-" "Mozilla/5.0 (compatible; Googlebot/2.1; +http://www.google.com/bot.html)"
66.249.66.195 - - [03/May/2026:14:49:45 +0000] "GET /category/house-music/feed/ HTTP/1.1" 404 - "-" "Mozilla/5.0 (compatible; Googlebot/2.1; +http://www.google.com/bot.html)"
66.249.66.197 - - [03/May/2026:14:50:47 +0000] "GET /category/dance-music/feed/ HTTP/1.1" 404 - "-" "Mozilla/5.0 (compatible; Googlebot/2.1; +http://www.google.com/bot.html)"
213.180.203.29 - - [03/May/2026:14:54:15 +0000] "GET /robots.txt HTTP/1.1" 404 - "-" "Mozilla/5.0 (compatible; YandexBot/3.0; +http://yandex.com/bots)"
87.250.224.123 - - [03/May/2026:14:54:16 +0000] "GET /gorillaz-tease-a-new-project-song-machine/ HTTP/1.1" 404 - "-" "Mozilla/5.0 (compatible; YandexBot/3.0; +http://yandex.com/bots)"
66.249.66.195 - - [03/May/2026:14:55:21 +0000] "GET /category/dance-music/feed/ HTTP/1.1" 404 - "-" "Mozilla/5.0 (compatible; Googlebot/2.1; +http://www.google.com/bot.html)"
45.148.10.67 - - [03/May/2026:14:59:33 +0000] "GET / HTTP/1.1" 200 357 "-" "Mozilla/5.0 (Windows NT 10.0; Win64; x64) AppleWebKit/537.36 (KHTML, like Gecko) Chrome/131.0.0.0 Safari/537.36"
66.249.66.195 - - [03/May/2026:15:00:13 +0000] "GET /category/dance-music/feed/ HTTP/1.1" 404 - "-" "Mozilla/5.0 (compatible; Googlebot/2.1; +http://www.google.com/bot.html)"
213.180.203.162 - - [03/May/2026:15:01:45 +0000] "GET /tag/puerto-rico/ HTTP/1.1" 404 - "-" "Mozilla/5.0 (compatible; YandexBot/3.0; +http://yandex.com/bots)"
151.246.98.68 - - [03/May/2026:15:02:12 +0000] "GET /wp-content/uploads/2020/02/15058/6-new-albums-you-should-listen-to-now-grimes-king-krule-kamaiyah-and-more.jpg HTTP/1.1" 404 - "-" "Mozilla/5.0 (compatible; crawler)"
66.249.66.196 - - [03/May/2026:15:04:37 +0000] "GET /category/dance-music/feed/ HTTP/1.1" 404 - "-" "Mozilla/5.0 (compatible; Googlebot/2.1; +http://www.google.com/bot.html)"
172.234.217.129 - - [03/May/2026:15:07:43 +0000] "GET / HTTP/1.1" 200 357 "-" "Mozilla/5.0 (Macintosh; Intel Mac OS X 13_1) AppleWebKit/537.36 (KHTML, like Gecko) Chrome/108.0.0.0 Safari/537.36"
66.249.66.195 - - [03/May/2026:15:09:41 +0000] "GET /category/dance-music/feed/ HTTP/1.1" 404 - "-" "Mozilla/5.0 (compatible; Googlebot/2.1; +http://www.google.com/bot.html)"
66.249.66.195 - - [03/May/2026:15:14:30 +0000] "GET /category/dance-music/feed/ HTTP/1.1" 404 - "-" "Mozilla/5.0 (compatible; Googlebot/2.1; +http://www.google.com/bot.html)"
35.194.141.75 - - [03/May/2026:15:19:25 +0000] "POST /cgi-bin/.%2e/.%2e/.%2e/.%2e/.%2e/.%2e/.%2e/.%2e/.%2e/.%2e/bin/sh HTTP/1.1" 404 - "-" "libredtail-http"
213.180.203.98 - - [03/May/2026:15:19:25 +0000] "GET /why-has-protest-music-dried-up-in-nigeria/ HTTP/1.1" 404 - "-" "Mozilla/5.0 (compatible; YandexBot/3.0; +http://yandex.com/bots)"
66.249.66.195 - - [03/May/2026:15:19:38 +0000] "GET /category/dance-music/feed/ HTTP/1.1" 404 - "-" "Mozilla/5.0 (compatible; Googlebot/2.1; +http://www.google.com/bot.html)"
114.119.158.149 - - [03/May/2026:15:19:48 +0000] "GET /an-overlooked-music-track-neon-bunny-its-time-to-support-music/ HTTP/1.1" 404 - "-" "Mozilla/5.0 (Linux; Android 7.0;) AppleWebKit/537.36 (HTML, like Gecko) Mobile Safari/537.36 (compatible; PetalBot;+https://webmaster.petalsearch.com/site/petalbot)"
74.7.230.10 - - [03/May/2026:15:22:26 +0000] "GET /robots.txt HTTP/1.1" 404 - "-" "Mozilla/5.0 (Macintosh; Intel Mac OS X 10_15_7) AppleWebKit/537.36 (KHTML, like Gecko) Chrome/131.0.0.0 Safari/537.36; compatible; OAI-SearchBot/1.3; robots.txt; +https://openai.com/searchbot"
66.249.66.41 - - [03/May/2026:15:25:22 +0000] "GET /category/dance-music/feed/ HTTP/1.1" 404 - "-" "Mozilla/5.0 (compatible; Googlebot/2.1; +http://www.google.com/bot.html)"
47.91.97.187 - - [03/May/2026:15:25:49 +0000] "GET / HTTP/1.0" 404 - "-" "-"
47.91.97.187 - - [03/May/2026:15:25:50 +0000] "GET /0qQj HTTP/1.1" 404 - "-" "Go-http-client/1.1"
47.91.97.187 - - [03/May/2026:15:25:50 +0000] "GET / HTTP/1.0" 404 - "-" "-"
87.250.224.2 - - [03/May/2026:15:26:40 +0000] "GET /kobe-bryant-mourners-descended-on-the-grammys-and-the-photos-are-surreal/ HTTP/1.1" 404 - "-" "Mozilla/5.0 (compatible; YandexBot/3.0; +http://yandex.com/bots)"
114.119.154.135 - - [03/May/2026:15:28:04 +0000] "GET /an-overlooked-music-track-money-mark-thalma-de-freitas-joao-parahyba-its-time-to-support-music-2/ HTTP/1.1" 404 - "https://www.overlookedtracks.com/music-streaming/" "Mozilla/5.0 (Linux; Android 7.0;) AppleWebKit/537.36 (HTML, like Gecko) Mobile Safari/537.36 (compatible; PetalBot;+https://webmaster.petalsearch.com/site/petalbot)"
156.231.71.74 - - [03/May/2026:15:28:55 +0000] "GET /wp-content/uploads/2022/11/24576-an-amazon-affiliate-item-yorkville-nx55p-2-12-inch-1000-watt-powered-loudspeaker-301x450.jpg HTTP/1.1" 404 - "-" "Mozilla/5.0 (compatible; crawler)"
66.249.66.166 - - [03/May/2026:15:29:47 +0000] "GET /category/dance-music/feed/ HTTP/1.1" 404 - "-" "Mozilla/5.0 (compatible; Googlebot/2.1; +http://www.google.com/bot.html)"
147.185.132.90 - - [03/May/2026:15:31:18 +0000] "GET / HTTP/1.1" 200 357 "-" "Hello from Palo Alto Networks, find out more about our scans in https://docs-cortex.paloaltonetworks.com/r/1/Cortex-Xpanse/Scanning-activity"
87.250.224.101 - - [03/May/2026:15:32:40 +0000] "GET /meet-the-violinist-amplifying-her-music-through-kelp-into-a-sea-of-tulips/ HTTP/1.1" 404 - "-" "Mozilla/5.0 (compatible; YandexBot/3.0; +http://yandex.com/bots)"
66.249.66.196 - - [03/May/2026:15:35:07 +0000] "GET /category/dance-music/feed/ HTTP/1.1" 404 - "-" "Mozilla/5.0 (compatible; Googlebot/2.1; +http://www.google.com/bot.html)"
87.250.224.133 - - [03/May/2026:15:35:08 +0000] "GET /category/touring/ HTTP/1.1" 404 - "-" "Mozilla/5.0 (compatible; YandexBot/3.0; +http://yandex.com/bots)"
178.156.186.30 - - [03/May/2026:15:37:22 +0000] "GET / HTTP/1.1" 200 680 "-" "Mozilla/5.0 (Macintosh; Intel Mac OS X 10_15_7) AppleWebKit/537.36 (KHTML, like Gecko) Chrome/93.0.4577.0 Safari/537.36"
66.249.66.195 - - [03/May/2026:15:40:26 +0000] "GET /category/dance-music/feed/ HTTP/1.1" 404 - "-" "Mozilla/5.0 (compatible; Googlebot/2.1; +http://www.google.com/bot.html)"
66.249.66.195 - - [03/May/2026:15:45:49 +0000] "GET /category/dance-music/feed/ HTTP/1.1" 404 - "-" "Mozilla/5.0 (compatible; Googlebot/2.1; +http://www.google.com/bot.html)"
114.119.158.149 - - [03/May/2026:15:46:56 +0000] "GET /an-overlooked-music-track-matt-bianco-new-cool-collective-mark-reilly-its-time-to-support-music/ HTTP/1.1" 404 - "https://www.overlookedtracks.com/category/jazz-music/" "Mozilla/5.0 (Linux; Android 7.0;) AppleWebKit/537.36 (HTML, like Gecko) Mobile Safari/537.36 (compatible; PetalBot;+https://webmaster.petalsearch.com/site/petalbot)"
95.108.213.104 - - [03/May/2026:15:46:59 +0000] "GET /episode/7-and-8/ HTTP/1.1" 404 - "-" "Mozilla/5.0 (compatible; YandexBot/3.0; +http://yandex.com/bots)"
66.249.66.42 - - [03/May/2026:15:49:45 +0000] "GET /category/house-music/feed/ HTTP/1.1" 404 - "-" "Mozilla/5.0 (compatible; Googlebot/2.1; +http://www.google.com/bot.html)"
66.249.66.196 - - [03/May/2026:15:50:39 +0000] "GET /category/dance-music/feed/ HTTP/1.1" 404 - "-" "Mozilla/5.0 (compatible; Googlebot/2.1; +http://www.google.com/bot.html)"
114.119.135.126 - - [03/May/2026:15:51:04 +0000] "GET /an-overlooked-music-track-joomanji-its-time-to-support-music-4/ HTTP/1.1" 404 - "https://www.overlookedtracks.com/music-streaming/" "Mozilla/5.0 (Linux; Android 7.0;) AppleWebKit/537.36 (HTML, like Gecko) Mobile Safari/537.36 (compatible; PetalBot;+https://webmaster.petalsearch.com/site/petalbot)"
114.119.135.126 - - [03/May/2026:15:53:31 +0000] "GET /an-overlooked-music-track-funky-d-l-its-time-to-support-music/ HTTP/1.1" 404 - "-" "Mozilla/5.0 (Linux; Android 7.0;) AppleWebKit/537.36 (HTML, like Gecko) Mobile Safari/537.36 (compatible; PetalBot;+https://webmaster.petalsearch.com/site/petalbot)"
66.249.66.195 - - [03/May/2026:15:56:11 +0000] "GET /category/dance-music/feed/ HTTP/1.1" 404 - "-" "Mozilla/5.0 (compatible; Googlebot/2.1; +http://www.google.com/bot.html)"
20.104.96.81 - - [03/May/2026:15:56:49 +0000] "GET /wp-content/plugins/fix/up.php HTTP/1.1" 404 - "-" "Mozilla/5.0 (Windows NT 10.0; Win64; x64) AppleWebKit/537.36 (KHTML, like Gecko) Chrome/85.0.4183.102 Safari/537.36"
66.249.66.195 - - [03/May/2026:16:00:52 +0000] "GET /category/dance-music/feed/ HTTP/1.1" 404 - "-" "Mozilla/5.0 (compatible; Googlebot/2.1; +http://www.google.com/bot.html)"
95.108.213.153 - - [03/May/2026:16:03:21 +0000] "GET /category/rap/ HTTP/1.1" 404 - "-" "Mozilla/5.0 (compatible; YandexBot/3.0; +http://yandex.com/bots)"
66.249.66.197 - - [03/May/2026:16:05:51 +0000] "GET /category/dance-music/feed/ HTTP/1.1" 404 - "-" "Mozilla/5.0 (compatible; Googlebot/2.1; +http://www.google.com/bot.html)"
69.171.231.22 - - [03/May/2026:16:06:55 +0000] "GET /robots.txt HTTP/1.1" 404 - "-" "facebookexternalhit/1.1 (+http://www.facebook.com/externalhit_uatext.php)"
79.124.40.174 - - [03/May/2026:16:08:57 +0000] "GET /?XDEBUG_SESSION_START=phpstorm HTTP/1.1" 200 357 "-" "Mozilla/5.0 (Windows NT 10.0; Win64; x64) AppleWebKit/537.36 (KHTML, like Gecko) Chrome/78.0.3904.108 Safari/537.36"
57.141.18.32 - - [03/May/2026:16:10:11 +0000] "GET /sitemap-index.xml HTTP/1.1" 404 - "-" "meta-externalagent/1.1 (+https://developers.facebook.com/docs/sharing/webmasters/crawler)"
66.249.66.197 - - [03/May/2026:16:10:23 +0000] "GET /category/dance-music/feed/ HTTP/1.1" 404 - "-" "Mozilla/5.0 (compatible; Googlebot/2.1; +http://www.google.com/bot.html)"
13.75.199.23 - - [03/May/2026:16:11:46 +0000] "GET /new4.php HTTP/1.1" 404 - "-" "Mozilla/5.0 (Windows NT 10.0; Win64; x64) AppleWebKit/537.36 (KHTML, like Gecko) Chrome/120.0.0.0 Safari/537.36"
13.75.199.23 - - [03/May/2026:16:11:46 +0000] "GET /pouhg.php HTTP/1.1" 404 - "-" "Mozilla/5.0 (Windows NT 10.0; Win64; x64) AppleWebKit/537.36 (KHTML, like Gecko) Chrome/120.0.0.0 Safari/537.36"
13.75.199.23 - - [03/May/2026:16:11:46 +0000] "GET /sbhu.php HTTP/1.1" 404 - "-" "Mozilla/5.0 (Windows NT 10.0; Win64; x64) AppleWebKit/537.36 (KHTML, like Gecko) Chrome/120.0.0.0 Safari/537.36"
13.75.199.23 - - [03/May/2026:16:11:47 +0000] "GET /sf.php HTTP/1.1" 404 - "-" "Mozilla/5.0 (Windows NT 10.0; Win64; x64) AppleWebKit/537.36 (KHTML, like Gecko) Chrome/120.0.0.0 Safari/537.36"
13.75.199.23 - - [03/May/2026:16:11:47 +0000] "GET /wp-admin/css/colors/ectoplasm/ HTTP/1.1" 404 - "-" "Mozilla/5.0 (Windows NT 10.0; Win64; x64) AppleWebKit/537.36 (KHTML, like Gecko) Chrome/120.0.0.0 Safari/537.36"
13.75.199.23 - - [03/May/2026:16:11:47 +0000] "GET /wp-admin/js/ HTTP/1.1" 404 - "-" "Mozilla/5.0 (Windows NT 10.0; Win64; x64) AppleWebKit/537.36 (KHTML, like Gecko) Chrome/120.0.0.0 Safari/537.36"
13.75.199.23 - - [03/May/2026:16:11:47 +0000] "GET /wp-content/plugins/cp-pro/js.php HTTP/1.1" 404 - "-" "Mozilla/5.0 (Windows NT 10.0; Win64; x64) AppleWebKit/537.36 (KHTML, like Gecko) Chrome/120.0.0.0 Safari/537.36"
13.75.199.23 - - [03/May/2026:16:11:47 +0000] "GET /wp-content/plugins/index.php HTTP/1.1" 404 - "-" "Mozilla/5.0 (Windows NT 10.0; Win64; x64) AppleWebKit/537.36 (KHTML, like Gecko) Chrome/120.0.0.0 Safari/537.36"
13.75.199.23 - - [03/May/2026:16:11:47 +0000] "GET /wp-content/themes/alera/alpha.php HTTP/1.1" 404 - "-" "Mozilla/5.0 (Windows NT 10.0; Win64; x64) AppleWebKit/537.36 (KHTML, like Gecko) Chrome/120.0.0.0 Safari/537.36"
13.75.199.23 - - [03/May/2026:16:11:47 +0000] "GET /wp-content/uploads/ HTTP/1.1" 404 - "-" "Mozilla/5.0 (Windows NT 10.0; Win64; x64) AppleWebKit/537.36 (KHTML, like Gecko) Chrome/120.0.0.0 Safari/537.36"
13.75.199.23 - - [03/May/2026:16:11:48 +0000] "GET /wp-includes/js/ HTTP/1.1" 404 - "-" "Mozilla/5.0 (Windows NT 10.0; Win64; x64) AppleWebKit/537.36 (KHTML, like Gecko) Chrome/120.0.0.0 Safari/537.36"
13.75.199.23 - - [03/May/2026:16:11:48 +0000] "GET /wp-info.php HTTP/1.1" 404 - "-" "Mozilla/5.0 (Windows NT 10.0; Win64; x64) AppleWebKit/537.36 (KHTML, like Gecko) Chrome/120.0.0.0 Safari/537.36"
13.75.199.23 - - [03/May/2026:16:11:48 +0000] "GET /ws61.php HTTP/1.1" 404 - "-" "Mozilla/5.0 (Windows NT 10.0; Win64; x64) AppleWebKit/537.36 (KHTML, like Gecko) Chrome/120.0.0.0 Safari/537.36"
13.75.199.23 - - [03/May/2026:16:11:48 +0000] "GET /ws79.php HTTP/1.1" 404 - "-" "Mozilla/5.0 (Windows NT 10.0; Win64; x64) AppleWebKit/537.36 (KHTML, like Gecko) Chrome/120.0.0.0 Safari/537.36"
13.75.199.23 - - [03/May/2026:16:11:48 +0000] "GET /xleet/ HTTP/1.1" 404 - "-" "Mozilla/5.0 (Windows NT 10.0; Win64; x64) AppleWebKit/537.36 (KHTML, like Gecko) Chrome/120.0.0.0 Safari/537.36"
13.75.199.23 - - [03/May/2026:16:11:48 +0000] "GET /.info.php HTTP/1.1" 404 - "-" "Mozilla/5.0 (Windows NT 10.0; Win64; x64) AppleWebKit/537.36 (KHTML, like Gecko) Chrome/120.0.0.0 Safari/537.36"
13.75.199.23 - - [03/May/2026:16:11:49 +0000] "GET /abc.php HTTP/1.1" 404 - "-" "Mozilla/5.0 (Windows NT 10.0; Win64; x64) AppleWebKit/537.36 (KHTML, like Gecko) Chrome/120.0.0.0 Safari/537.36"
13.75.199.23 - - [03/May/2026:16:11:49 +0000] "GET /admin/function.php HTTP/1.1" 404 - "-" "Mozilla/5.0 (Windows NT 10.0; Win64; x64) AppleWebKit/537.36 (KHTML, like Gecko) Chrome/120.0.0.0 Safari/537.36"
13.75.199.23 - - [03/May/2026:16:11:49 +0000] "GET /ak.php HTTP/1.1" 404 - "-" "Mozilla/5.0 (Windows NT 10.0; Win64; x64) AppleWebKit/537.36 (KHTML, like Gecko) Chrome/120.0.0.0 Safari/537.36"
13.75.199.23 - - [03/May/2026:16:11:49 +0000] "GET /alfa-rex.php7 HTTP/1.1" 404 - "-" "Mozilla/5.0 (Windows NT 10.0; Win64; x64) AppleWebKit/537.36 (KHTML, like Gecko) Chrome/120.0.0.0 Safari/537.36"
13.75.199.23 - - [03/May/2026:16:11:49 +0000] "GET /alfa.php HTTP/1.1" 404 - "-" "Mozilla/5.0 (Windows NT 10.0; Win64; x64) AppleWebKit/537.36 (KHTML, like Gecko) Chrome/120.0.0.0 Safari/537.36"
13.75.199.23 - - [03/May/2026:16:11:49 +0000] "GET /an.php HTTP/1.1" 404 - "-" "Mozilla/5.0 (Windows NT 10.0; Win64; x64) AppleWebKit/537.36 (KHTML, like Gecko) Chrome/120.0.0.0 Safari/537.36"
13.75.199.23 - - [03/May/2026:16:11:49 +0000] "GET /asc.php HTTP/1.1" 404 - "-" "Mozilla/5.0 (Windows NT 10.0; Win64; x64) AppleWebKit/537.36 (KHTML, like Gecko) Chrome/120.0.0.0 Safari/537.36"
13.75.199.23 - - [03/May/2026:16:11:50 +0000] "GET /assets/images/ HTTP/1.1" 404 - "-" "Mozilla/5.0 (Windows NT 10.0; Win64; x64) AppleWebKit/537.36 (KHTML, like Gecko) Chrome/120.0.0.0 Safari/537.36"
13.75.199.23 - - [03/May/2026:16:11:50 +0000] "GET /content.php HTTP/1.1" 404 - "-" "Mozilla/5.0 (Windows NT 10.0; Win64; x64) AppleWebKit/537.36 (KHTML, like Gecko) Chrome/120.0.0.0 Safari/537.36"
13.75.199.23 - - [03/May/2026:16:11:50 +0000] "GET /hplfuns.php HTTP/1.1" 404 - "-" "Mozilla/5.0 (Windows NT 10.0; Win64; x64) AppleWebKit/537.36 (KHTML, like Gecko) Chrome/120.0.0.0 Safari/537.36"
13.75.199.23 - - [03/May/2026:16:11:50 +0000] "GET /iko.php HTTP/1.1" 404 - "-" "Mozilla/5.0 (Windows NT 10.0; Win64; x64) AppleWebKit/537.36 (KHTML, like Gecko) Chrome/120.0.0.0 Safari/537.36"
13.75.199.23 - - [03/May/2026:16:11:50 +0000] "GET /images/ HTTP/1.1" 404 - "-" "Mozilla/5.0 (Windows NT 10.0; Win64; x64) AppleWebKit/537.36 (KHTML, like Gecko) Chrome/120.0.0.0 Safari/537.36"
13.75.199.23 - - [03/May/2026:16:11:50 +0000] "GET /index/function.php HTTP/1.1" 404 - "-" "Mozilla/5.0 (Windows NT 10.0; Win64; x64) AppleWebKit/537.36 (KHTML, like Gecko) Chrome/120.0.0.0 Safari/537.36"
13.75.199.23 - - [03/May/2026:16:11:51 +0000] "GET /koiy.php HTTP/1.1" 404 - "-" "Mozilla/5.0 (Windows NT 10.0; Win64; x64) AppleWebKit/537.36 (KHTML, like Gecko) Chrome/120.0.0.0 Safari/537.36"
13.75.199.23 - - [03/May/2026:16:11:51 +0000] "GET /lock360.php HTTP/1.1" 404 - "-" "Mozilla/5.0 (Windows NT 10.0; Win64; x64) AppleWebKit/537.36 (KHTML, like Gecko) Chrome/120.0.0.0 Safari/537.36"
13.75.199.23 - - [03/May/2026:16:11:51 +0000] "GET /pp.php HTTP/1.1" 404 - "-" "Mozilla/5.0 (Windows NT 10.0; Win64; x64) AppleWebKit/537.36 (KHTML, like Gecko) Chrome/120.0.0.0 Safari/537.36"
13.75.199.23 - - [03/May/2026:16:11:51 +0000] "GET /wp-admin/ HTTP/1.1" 404 - "-" "Mozilla/5.0 (Windows NT 10.0; Win64; x64) AppleWebKit/537.36 (KHTML, like Gecko) Chrome/120.0.0.0 Safari/537.36"
13.75.199.23 - - [03/May/2026:16:11:51 +0000] "GET /wp-admin/js/wp-gwasdf2df4.php HTTP/1.1" 404 - "-" "Mozilla/5.0 (Windows NT 10.0; Win64; x64) AppleWebKit/537.36 (KHTML, like Gecko) Chrome/120.0.0.0 Safari/537.36"
13.75.199.23 - - [03/May/2026:16:11:51 +0000] "GET /wp-admin/network/index.php HTTP/1.1" 404 - "-" "Mozilla/5.0 (Windows NT 10.0; Win64; x64) AppleWebKit/537.36 (KHTML, like Gecko) Chrome/120.0.0.0 Safari/537.36"
13.75.199.23 - - [03/May/2026:16:11:51 +0000] "GET /wp-content/admin-header.php HTTP/1.1" 404 - "-" "Mozilla/5.0 (Windows NT 10.0; Win64; x64) AppleWebKit/537.36 (KHTML, like Gecko) Chrome/120.0.0.0 Safari/537.36"
13.75.199.23 - - [03/May/2026:16:11:52 +0000] "GET /wp-content/plugins/about.php HTTP/1.1" 404 - "-" "Mozilla/5.0 (Windows NT 10.0; Win64; x64) AppleWebKit/537.36 (KHTML, like Gecko) Chrome/120.0.0.0 Safari/537.36"
13.75.199.23 - - [03/May/2026:16:11:52 +0000] "GET /wp-content/themes/about.php HTTP/1.1" 404 - "-" "Mozilla/5.0 (Windows NT 10.0; Win64; x64) AppleWebKit/537.36 (KHTML, like Gecko) Chrome/120.0.0.0 Safari/537.36"
13.75.199.23 - - [03/May/2026:16:11:52 +0000] "GET /wp-content/themes/x/bypass.php HTTP/1.1" 404 - "-" "Mozilla/5.0 (Windows NT 10.0; Win64; x64) AppleWebKit/537.36 (KHTML, like Gecko) Chrome/120.0.0.0 Safari/537.36"
13.75.199.23 - - [03/May/2026:16:11:52 +0000] "GET /wp-content/uploads/admin.php HTTP/1.1" 404 - "-" "Mozilla/5.0 (Windows NT 10.0; Win64; x64) AppleWebKit/537.36 (KHTML, like Gecko) Chrome/120.0.0.0 Safari/537.36"
13.75.199.23 - - [03/May/2026:16:11:52 +0000] "GET /wp-includes/ HTTP/1.1" 404 - "-" "Mozilla/5.0 (Windows NT 10.0; Win64; x64) AppleWebKit/537.36 (KHTML, like Gecko) Chrome/120.0.0.0 Safari/537.36"
13.75.199.23 - - [03/May/2026:16:11:52 +0000] "GET /wp-includes/certificates/ HTTP/1.1" 404 - "-" "Mozilla/5.0 (Windows NT 10.0; Win64; x64) AppleWebKit/537.36 (KHTML, like Gecko) Chrome/120.0.0.0 Safari/537.36"
13.75.199.23 - - [03/May/2026:16:11:53 +0000] "GET /wp-includes/js/tinymce/themes/ HTTP/1.1" 404 - "-" "Mozilla/5.0 (Windows NT 10.0; Win64; x64) AppleWebKit/537.36 (KHTML, like Gecko) Chrome/120.0.0.0 Safari/537.36"
13.75.199.23 - - [03/May/2026:16:11:53 +0000] "GET /wp-setting.php HTTP/1.1" 404 - "-" "Mozilla/5.0 (Windows NT 10.0; Win64; x64) AppleWebKit/537.36 (KHTML, like Gecko) Chrome/120.0.0.0 Safari/537.36"
13.75.199.23 - - [03/May/2026:16:11:53 +0000] "GET /xmlrpc.php HTTP/1.1" 404 - "-" "Mozilla/5.0 (Windows NT 10.0; Win64; x64) AppleWebKit/537.36 (KHTML, like Gecko) Chrome/120.0.0.0 Safari/537.36"
13.75.199.23 - - [03/May/2026:16:11:53 +0000] "GET /.tmb/index.php HTTP/1.1" 404 - "-" "Mozilla/5.0 (Windows NT 10.0; Win64; x64) AppleWebKit/537.36 (KHTML, like Gecko) Chrome/120.0.0.0 Safari/537.36"
13.75.199.23 - - [03/May/2026:16:11:53 +0000] "GET /.well-known/ HTTP/1.1" 200 406 "-" "Mozilla/5.0 (Windows NT 10.0; Win64; x64) AppleWebKit/537.36 (KHTML, like Gecko) Chrome/120.0.0.0 Safari/537.36"
13.75.199.23 - - [03/May/2026:16:11:53 +0000] "GET /.well-known/admin.php HTTP/1.1" 404 - "-" "Mozilla/5.0 (Windows NT 10.0; Win64; x64) AppleWebKit/537.36 (KHTML, like Gecko) Chrome/120.0.0.0 Safari/537.36"
13.75.199.23 - - [03/May/2026:16:11:53 +0000] "GET /.well-known/index.php HTTP/1.1" 404 - "-" "Mozilla/5.0 (Windows NT 10.0; Win64; x64) AppleWebKit/537.36 (KHTML, like Gecko) Chrome/120.0.0.0 Safari/537.36"
95.108.213.124 - - [03/May/2026:16:12:29 +0000] "GET /category/lifestyle/ HTTP/1.1" 404 - "-" "Mozilla/5.0 (compatible; YandexBot/3.0; +http://yandex.com/bots)"
66.249.66.197 - - [03/May/2026:16:15:58 +0000] "GET /category/dance-music/feed/ HTTP/1.1" 404 - "-" "Mozilla/5.0 (compatible; Googlebot/2.1; +http://www.google.com/bot.html)"
66.249.66.196 - - [03/May/2026:16:21:31 +0000] "GET /category/dance-music/feed/ HTTP/1.1" 404 - "-" "Mozilla/5.0 (compatible; Googlebot/2.1; +http://www.google.com/bot.html)"
5.61.209.107 - - [03/May/2026:16:21:50 +0000] "GET /SDK/webLanguage HTTP/1.1" 404 - "-" "Mozilla/5.0 (Windows NT 10.0; Win64; x64) AppleWebKit/537.36 (KHTML, like Gecko) Chrome/90.0.4430.85 Safari/537.36 Edg/90.0.818.46"
66.249.66.197 - - [03/May/2026:16:26:43 +0000] "GET /category/dance-music/feed/ HTTP/1.1" 404 - "-" "Mozilla/5.0 (compatible; Googlebot/2.1; +http://www.google.com/bot.html)"
185.12.59.118 - - [03/May/2026:16:27:57 +0000] "GET / HTTP/1.1" 200 357 "-" "Mozilla/5.0 (Windows NT 10.0; Win64; x64; rv:132.0) Gecko/20100101 Firefox/132.0"
93.123.109.167 - - [03/May/2026:16:30:01 +0000] "GET / HTTP/1.1" 200 357 "http://overlookedtracks.com" "Mozilla/5.0 (Windows NT 10.0; Win64; x64) AppleWebKit/537.36 (KHTML, like Gecko) Chrome/124.0.0.0 Safari/537.36"
93.123.109.167 - - [03/May/2026:16:30:02 +0000] "GET / HTTP/1.1" 200 357 "http://overlookedtracks.com" "Mozilla/5.0 (X11; Linux x86_64) AppleWebKit/537.36 (KHTML, like Gecko) Chrome/124.0.0.0 Safari/537.36"
93.123.109.167 - - [03/May/2026:16:30:04 +0000] "GET / HTTP/1.1" 200 357 "http://overlookedtracks.com" "Mozilla/5.0 (Windows NT 10.0; Win64; x64; rv:125.0) Gecko/20100101 Firefox/125.0"
93.123.109.167 - - [03/May/2026:16:30:05 +0000] "GET / HTTP/1.1" 200 357 "http://overlookedtracks.com" "Mozilla/5.0 (Windows NT 10.0; Win64; x64) AppleWebKit/537.36 (KHTML, like Gecko) Chrome/124.0.0.0 Safari/537.36"
103.240.167.176 - - [03/May/2026:16:31:12 +0000] "GET /tag/rock/ HTTP/1.1" 404 - "-" "Mozilla/5.0 (iPhone; CPU iPhone OS 11_0 like Mac OS X) AppleWebKit/537.36 (KHTML, like Gecko) Chrome/42.0.5718.1049 Mobile Safari/537.36"
66.249.66.197 - - [03/May/2026:16:31:40 +0000] "GET /category/dance-music/feed/ HTTP/1.1" 404 - "-" "Mozilla/5.0 (compatible; Googlebot/2.1; +http://www.google.com/bot.html)"
172.190.142.176 - - [03/May/2026:16:32:09 +0000] "GET /wp-content/plugins/hellopress/wp_filemanager.php HTTP/1.1" 404 - "-" "-"
172.190.142.176 - - [03/May/2026:16:32:09 +0000] "GET /ff1.php HTTP/1.1" 404 - "-" "-"
172.190.142.176 - - [03/May/2026:16:32:10 +0000] "GET /ton.php HTTP/1.1" 404 - "-" "-"
172.190.142.176 - - [03/May/2026:16:32:10 +0000] "GET /asas.php HTTP/1.1" 404 - "-" "-"
172.190.142.176 - - [03/May/2026:16:32:10 +0000] "GET /kikikoko.php HTTP/1.1" 404 - "-" "-"
172.190.142.176 - - [03/May/2026:16:32:10 +0000] "GET /new4.php HTTP/1.1" 404 - "-" "-"
172.190.142.176 - - [03/May/2026:16:32:10 +0000] "GET /asasx.php HTTP/1.1" 404 - "-" "-"
172.190.142.176 - - [03/May/2026:16:32:11 +0000] "GET /db.php HTTP/1.1" 404 - "-" "-"
172.190.142.176 - - [03/May/2026:16:32:11 +0000] "GET /xml.php HTTP/1.1" 404 - "-" "-"
172.190.142.176 - - [03/May/2026:16:32:11 +0000] "GET /wp-bonbon.php HTTP/1.1" 404 - "-" "-"
172.190.142.176 - - [03/May/2026:16:32:11 +0000] "GET /at.php HTTP/1.1" 404 - "-" "-"
172.190.142.176 - - [03/May/2026:16:32:12 +0000] "GET /rithin.php HTTP/1.1" 404 - "-" "-"
172.190.142.176 - - [03/May/2026:16:32:12 +0000] "GET /bless5.php HTTP/1.1" 404 - "-" "-"
172.190.142.176 - - [03/May/2026:16:32:12 +0000] "GET /wuasr.php HTTP/1.1" 404 - "-" "-"
172.190.142.176 - - [03/May/2026:16:32:13 +0000] "GET /aevly.php HTTP/1.1" 404 - "-" "-"
172.190.142.176 - - [03/May/2026:16:32:13 +0000] "GET /revealability.php HTTP/1.1" 404 - "-" "-"
172.190.142.176 - - [03/May/2026:16:32:13 +0000] "GET /wp-firewall.php HTTP/1.1" 404 - "-" "-"
172.190.142.176 - - [03/May/2026:16:32:13 +0000] "GET /wolv2.php HTTP/1.1" 404 - "-" "-"
172.190.142.176 - - [03/May/2026:16:32:13 +0000] "GET /iov.php HTTP/1.1" 404 - "-" "-"
172.190.142.176 - - [03/May/2026:16:32:13 +0000] "GET /Sanskrit.php HTTP/1.1" 404 - "-" "-"
172.190.142.176 - - [03/May/2026:16:32:14 +0000] "GET /ffile.php HTTP/1.1" 404 - "-" "-"
172.190.142.176 - - [03/May/2026:16:32:14 +0000] "GET /layout.php HTTP/1.1" 404 - "-" "-"
172.190.142.176 - - [03/May/2026:16:32:14 +0000] "GET /1index.php HTTP/1.1" 404 - "-" "-"
172.190.142.176 - - [03/May/2026:16:32:14 +0000] "GET /yas.php HTTP/1.1" 404 - "-" "-"
172.190.142.176 - - [03/May/2026:16:32:14 +0000] "GET /atomlib.php HTTP/1.1" 404 - "-" "-"
172.190.142.176 - - [03/May/2026:16:32:14 +0000] "GET /xozx.php HTTP/1.1" 404 - "-" "-"
172.190.142.176 - - [03/May/2026:16:32:15 +0000] "GET /txets.php HTTP/1.1" 404 - "-" "-"
172.190.142.176 - - [03/May/2026:16:32:15 +0000] "GET /less.php HTTP/1.1" 404 - "-" "-"
172.190.142.176 - - [03/May/2026:16:32:15 +0000] "GET /acp.php HTTP/1.1" 404 - "-" "-"
172.190.142.176 - - [03/May/2026:16:32:15 +0000] "GET /forbidals.php HTTP/1.1" 404 - "-" "-"
172.190.142.176 - - [03/May/2026:16:32:15 +0000] "GET /popo.php HTTP/1.1" 404 - "-" "-"
172.190.142.176 - - [03/May/2026:16:32:15 +0000] "GET /wander.php HTTP/1.1" 404 - "-" "-"
172.190.142.176 - - [03/May/2026:16:32:16 +0000] "GET /class-db.php HTTP/1.1" 404 - "-" "-"
172.190.142.176 - - [03/May/2026:16:32:16 +0000] "GET /domains.php HTTP/1.1" 404 - "-" "-"
172.190.142.176 - - [03/May/2026:16:32:16 +0000] "GET /wp-the.php HTTP/1.1" 404 - "-" "-"
172.190.142.176 - - [03/May/2026:16:32:16 +0000] "GET /ouh.php HTTP/1.1" 404 - "-" "-"
172.190.142.176 - - [03/May/2026:16:32:16 +0000] "GET /fone1.php HTTP/1.1" 404 - "-" "-"
172.190.142.176 - - [03/May/2026:16:32:16 +0000] "GET /sko.php HTTP/1.1" 404 - "-" "-"
172.190.142.176 - - [03/May/2026:16:32:17 +0000] "GET /cilus.php HTTP/1.1" 404 - "-" "-"
172.190.142.176 - - [03/May/2026:16:32:17 +0000] "GET /wp-cliner.php HTTP/1.1" 404 - "-" "-"
172.190.142.176 - - [03/May/2026:16:32:18 +0000] "GET /wp-sx10.php HTTP/1.1" 404 - "-" "-"
172.190.142.176 - - [03/May/2026:16:32:18 +0000] "GET /packed.php HTTP/1.1" 404 - "-" "-"
172.190.142.176 - - [03/May/2026:16:32:18 +0000] "GET /lib.php HTTP/1.1" 404 - "-" "-"
172.190.142.176 - - [03/May/2026:16:32:19 +0000] "GET /cc13.php HTTP/1.1" 404 - "-" "-"
172.190.142.176 - - [03/May/2026:16:32:19 +0000] "GET /fileas.php HTTP/1.1" 404 - "-" "-"
172.190.142.176 - - [03/May/2026:16:32:19 +0000] "GET /wp-load.php HTTP/1.1" 404 - "-" "-"
172.190.142.176 - - [03/May/2026:16:32:19 +0000] "GET /v3.php HTTP/1.1" 404 - "-" "-"
172.190.142.176 - - [03/May/2026:16:32:19 +0000] "GET /06.php HTTP/1.1" 404 - "-" "-"
172.190.142.176 - - [03/May/2026:16:32:21 +0000] "GET /bthil.php HTTP/1.1" 404 - "-" "-"
172.190.142.176 - - [03/May/2026:16:32:21 +0000] "GET /wkdec.php HTTP/1.1" 404 - "-" "-"
172.190.142.176 - - [03/May/2026:16:32:22 +0000] "GET /albin.php HTTP/1.1" 404 - "-" "-"
172.190.142.176 - - [03/May/2026:16:32:23 +0000] "GET /wp-blog.php HTTP/1.1" 404 - "-" "-"
172.190.142.176 - - [03/May/2026:16:32:23 +0000] "GET /sbhu.php HTTP/1.1" 404 - "-" "-"
172.190.142.176 - - [03/May/2026:16:32:23 +0000] "GET /xy.php HTTP/1.1" 404 - "-" "-"
172.190.142.176 - - [03/May/2026:16:32:23 +0000] "GET /opts.php HTTP/1.1" 404 - "-" "-"
172.190.142.176 - - [03/May/2026:16:32:24 +0000] "GET /yellow.php HTTP/1.1" 404 - "-" "-"
172.190.142.176 - - [03/May/2026:16:32:24 +0000] "GET /hook.php HTTP/1.1" 404 - "-" "-"
172.190.142.176 - - [03/May/2026:16:32:25 +0000] "GET /tires.php HTTP/1.1" 404 - "-" "-"
172.190.142.176 - - [03/May/2026:16:32:25 +0000] "GET /racs3.php HTTP/1.1" 404 - "-" "-"
172.190.142.176 - - [03/May/2026:16:32:25 +0000] "GET /zzkhe.php HTTP/1.1" 404 - "-" "-"
172.190.142.176 - - [03/May/2026:16:32:25 +0000] "GET /eetu.php HTTP/1.1" 404 - "-" "-"
172.190.142.176 - - [03/May/2026:16:32:25 +0000] "GET /samll.php HTTP/1.1" 404 - "-" "-"
172.190.142.176 - - [03/May/2026:16:32:25 +0000] "GET /mga.php HTTP/1.1" 404 - "-" "-"
172.190.142.176 - - [03/May/2026:16:32:26 +0000] "GET /wp-xml.php HTTP/1.1" 404 - "-" "-"
172.190.142.176 - - [03/May/2026:16:32:26 +0000] "GET /xinder.php HTTP/1.1" 404 - "-" "-"
172.190.142.176 - - [03/May/2026:16:32:26 +0000] "GET /doc.php HTTP/1.1" 404 - "-" "-"
172.190.142.176 - - [03/May/2026:16:32:26 +0000] "GET /academy.php HTTP/1.1" 404 - "-" "-"
172.190.142.176 - - [03/May/2026:16:32:27 +0000] "GET /owl.php HTTP/1.1" 404 - "-" "-"
172.190.142.176 - - [03/May/2026:16:32:27 +0000] "GET /class19.php HTTP/1.1" 404 - "-" "-"
172.190.142.176 - - [03/May/2026:16:32:27 +0000] "GET /wp-xm.php HTTP/1.1" 404 - "-" "-"
172.190.142.176 - - [03/May/2026:16:32:27 +0000] "GET /file59.php HTTP/1.1" 404 - "-" "-"
172.190.142.176 - - [03/May/2026:16:32:27 +0000] "GET /do.php HTTP/1.1" 404 - "-" "-"
172.190.142.176 - - [03/May/2026:16:32:28 +0000] "GET /myfile.php HTTP/1.1" 404 - "-" "-"
172.190.142.176 - - [03/May/2026:16:32:28 +0000] "GET /system.php HTTP/1.1" 404 - "-" "-"
172.190.142.176 - - [03/May/2026:16:32:29 +0000] "GET /sid3.php HTTP/1.1" 404 - "-" "-"
172.190.142.176 - - [03/May/2026:16:32:29 +0000] "GET /wp-update.php HTTP/1.1" 404 - "-" "-"
172.190.142.176 - - [03/May/2026:16:32:30 +0000] "GET /ftde.php HTTP/1.1" 404 - "-" "-"
172.190.142.176 - - [03/May/2026:16:32:30 +0000] "GET /ok.php HTTP/1.1" 404 - "-" "-"
103.203.59.1 - - [03/May/2026:16:32:30 +0000] "GET / HTTP/1.1" 200 680 "-" "HTTP Banner Detection (https://security.ipip.net)"
172.190.142.176 - - [03/May/2026:16:32:33 +0000] "GET /lala.php HTTP/1.1" 404 - "-" "-"
172.190.142.176 - - [03/May/2026:16:32:33 +0000] "GET /shell20211028.php HTTP/1.1" 404 - "-" "-"
172.190.142.176 - - [03/May/2026:16:32:34 +0000] "GET /clirp.php HTTP/1.1" 404 - "-" "-"
172.190.142.176 - - [03/May/2026:16:32:34 +0000] "GET /rendi59.php HTTP/1.1" 404 - "-" "-"
172.190.142.176 - - [03/May/2026:16:32:34 +0000] "GET /gptsh.php HTTP/1.1" 404 - "-" "-"
172.190.142.176 - - [03/May/2026:16:32:34 +0000] "GET /tox.php HTTP/1.1" 404 - "-" "-"
172.190.142.176 - - [03/May/2026:16:32:34 +0000] "GET /file9.php HTTP/1.1" 404 - "-" "-"
172.190.142.176 - - [03/May/2026:16:32:35 +0000] "GET /ccu.php HTTP/1.1" 404 - "-" "-"
172.190.142.176 - - [03/May/2026:16:32:35 +0000] "GET /class.1.php HTTP/1.1" 404 - "-" "-"
172.190.142.176 - - [03/May/2026:16:32:35 +0000] "GET /moon3.php HTTP/1.1" 404 - "-" "-"
172.190.142.176 - - [03/May/2026:16:32:36 +0000] "GET /lo.php HTTP/1.1" 404 - "-" "-"
213.180.203.225 - - [03/May/2026:16:35:51 +0000] "GET /beyonce-wants-to-focus-on-her-joy-and-slow-down-after-24-years-in-music-industry/ HTTP/1.1" 404 - "-" "Mozilla/5.0 (compatible; YandexBot/3.0; +http://yandex.com/bots)"
66.249.66.196 - - [03/May/2026:16:37:02 +0000] "GET /category/dance-music/feed/ HTTP/1.1" 404 - "-" "Mozilla/5.0 (compatible; Googlebot/2.1; +http://www.google.com/bot.html)"
154.38.190.94 - - [03/May/2026:16:37:47 +0000] "GET / HTTP/1.1" 200 680 "-" "Mozilla/5.0 (Macintosh; Intel Mac OS X 10_15_7) AppleWebKit/537.36 (KHTML, like Gecko) Chrome/93.0.4577.0 Safari/537.36"
66.249.66.195 - - [03/May/2026:16:42:41 +0000] "GET /category/dance-music/feed/ HTTP/1.1" 404 - "-" "Mozilla/5.0 (compatible; Googlebot/2.1; +http://www.google.com/bot.html)"
66.249.66.197 - - [03/May/2026:16:47:58 +0000] "GET /category/dance-music/feed/ HTTP/1.1" 404 - "-" "Mozilla/5.0 (compatible; Googlebot/2.1; +http://www.google.com/bot.html)"
66.249.66.195 - - [03/May/2026:16:49:45 +0000] "GET /category/house-music/feed/ HTTP/1.1" 404 - "-" "Mozilla/5.0 (compatible; Googlebot/2.1; +http://www.google.com/bot.html)"
66.249.66.42 - - [03/May/2026:16:53:19 +0000] "GET /category/dance-music/feed/ HTTP/1.1" 404 - "-" "Mozilla/5.0 (compatible; Googlebot/2.1; +http://www.google.com/bot.html)"
95.108.213.188 - - [03/May/2026:16:54:15 +0000] "GET /robots.txt HTTP/1.1" 404 - "-" "Mozilla/5.0 (compatible; YandexBot/3.0; +http://yandex.com/bots)"
95.108.213.157 - - [03/May/2026:16:55:06 +0000] "GET /behind-the-music-gemma-dunleavy/ HTTP/1.1" 404 - "-" "Mozilla/5.0 (compatible; YandexBot/3.0; +http://yandex.com/bots)"
